Last updated on 2025-02-16 10:51:03 CET.
Flavor | Version | Tinstall | Tcheck | Ttotal | Status | Flags |
---|---|---|---|---|---|---|
r-devel-linux-x86_64-debian-clang | 2.4.3 | 12.39 | 117.21 | 129.60 | NOTE | |
r-devel-linux-x86_64-debian-gcc | 2.4.3 | 8.77 | 93.05 | 101.82 | NOTE | |
r-devel-linux-x86_64-fedora-clang | 2.4.3 | 212.83 | OK | |||
r-devel-linux-x86_64-fedora-gcc | 2.4.3 | 228.35 | OK | |||
r-devel-macos-arm64 | 2.4.3 | 90.00 | OK | |||
r-devel-macos-x86_64 | 2.4.3 | 180.00 | OK | |||
r-devel-windows-x86_64 | 2.4.3 | 14.00 | 142.00 | 156.00 | NOTE | |
r-patched-linux-x86_64 | 2.4.3 | 14.93 | 119.66 | 134.59 | OK | |
r-release-linux-x86_64 | 2.4.3 | 10.94 | 118.39 | 129.33 | OK | |
r-release-macos-arm64 | 2.4.3 | 87.00 | OK | |||
r-release-macos-x86_64 | 2.4.3 | 140.00 | OK | |||
r-release-windows-x86_64 | 2.4.3 | 13.00 | 143.00 | 156.00 | OK | |
r-oldrel-macos-arm64 | 2.4.3 | 88.00 | OK | |||
r-oldrel-macos-x86_64 | 2.4.3 | 191.00 | OK | |||
r-oldrel-windows-x86_64 | 2.4.3 | 18.00 | 191.00 | 209.00 | OK |
Version: 2.4.3
Check: Rd cross-references
Result: NOTE
Found the following Rd file(s) with Rd \link{} targets missing package
anchors:
download_img_data.Rd: img_data
smooth_hist.Rd: gam
whitestripe_ind_to_mask.Rd: writeNIfTI
Please provide package anchors for all Rd \link{} targets not in the
package itself and the base packages.
Flavors: r-devel-linux-x86_64-debian-clang, r-devel-linux-x86_64-debian-gcc, r-devel-windows-x86_64
These binaries (installable software) and packages are in development.
They may not be fully stable and should be used with caution. We make no claims about them.