Last updated on 2025-07-02 03:50:56 CEST.
Flavor | Version | Tinstall | Tcheck | Ttotal | Status | Flags |
---|---|---|---|---|---|---|
r-devel-linux-x86_64-debian-clang | 2.4.3 | 13.06 | 119.30 | 132.36 | NOTE | |
r-devel-linux-x86_64-debian-gcc | 2.4.3 | 9.24 | 94.38 | 103.62 | NOTE | |
r-devel-linux-x86_64-fedora-clang | 2.4.3 | 201.95 | OK | |||
r-devel-linux-x86_64-fedora-gcc | 2.4.3 | 215.64 | OK | |||
r-devel-windows-x86_64 | 2.4.3 | 14.00 | 140.00 | 154.00 | NOTE | |
r-patched-linux-x86_64 | NOTE | |||||
r-release-linux-x86_64 | 2.4.3 | 11.04 | 121.68 | 132.72 | NOTE | |
r-release-macos-arm64 | 2.4.3 | 92.00 | OK | |||
r-release-macos-x86_64 | 2.4.3 | 183.00 | OK | |||
r-release-windows-x86_64 | 2.4.3 | 13.00 | 138.00 | 151.00 | NOTE | |
r-oldrel-macos-arm64 | 2.4.3 | 87.00 | OK | |||
r-oldrel-macos-x86_64 | 2.4.3 | 140.00 | OK | |||
r-oldrel-windows-x86_64 | 2.4.3 | 17.00 | 175.00 | 192.00 | OK |
Version: 2.4.3
Check: Rd cross-references
Result: NOTE
Found the following Rd file(s) with Rd \link{} targets missing package
anchors:
download_img_data.Rd: img_data
smooth_hist.Rd: gam
whitestripe_ind_to_mask.Rd: writeNIfTI
Please provide package anchors for all Rd \link{} targets not in the
package itself and the base packages.
Flavors: r-devel-linux-x86_64-debian-clang, r-devel-linux-x86_64-debian-gcc, r-devel-windows-x86_64, r-patched-linux-x86_64, r-release-linux-x86_64, r-release-windows-x86_64
These binaries (installable software) and packages are in development.
They may not be fully stable and should be used with caution. We make no claims about them.