CRAN Package Check Results for Package WikidataQueryServiceR

Last updated on 2025-02-16 10:51:03 CET.

Flavor Version Tinstall Tcheck Ttotal Status Flags
r-devel-linux-x86_64-debian-clang 1.0.0 1.89 21.65 23.54 OK
r-devel-linux-x86_64-debian-gcc 1.0.0 1.31 17.34 18.65 OK
r-devel-linux-x86_64-fedora-clang 1.0.0 39.87 OK
r-devel-linux-x86_64-fedora-gcc 1.0.0 37.40 OK
r-devel-macos-arm64 1.0.0 21.00 OK
r-devel-macos-x86_64 1.0.0 35.00 OK
r-devel-windows-x86_64 1.0.0 3.00 47.00 50.00 OK
r-patched-linux-x86_64 1.0.0 1.97 20.79 22.76 NOTE
r-release-linux-x86_64 1.0.0 1.87 20.70 22.57 NOTE
r-release-macos-arm64 1.0.0 21.00 NOTE
r-release-macos-x86_64 1.0.0 29.00 NOTE
r-release-windows-x86_64 1.0.0 3.00 46.00 49.00 NOTE
r-oldrel-macos-arm64 1.0.0 19.00 NOTE
r-oldrel-macos-x86_64 1.0.0 25.00 NOTE
r-oldrel-windows-x86_64 1.0.0 4.00 55.00 59.00 NOTE

Check Details

Version: 1.0.0
Check: LazyData
Result: NOTE 'LazyData' is specified without a 'data' directory Flavors: r-patched-linux-x86_64, r-release-linux-x86_64, r-release-macos-arm64, r-release-macos-x86_64, r-release-windows-x86_64, r-oldrel-macos-arm64, r-oldrel-macos-x86_64, r-oldrel-windows-x86_64

These binaries (installable software) and packages are in development.
They may not be fully stable and should be used with caution. We make no claims about them.