CRAN Package Check Results for Package WikidataQueryServiceR

Last updated on 2025-10-23 17:51:08 CEST.

Flavor Version Tinstall Tcheck Ttotal Status Flags
r-devel-linux-x86_64-debian-clang 1.0.0 1.87 25.55 27.42 OK
r-devel-linux-x86_64-debian-gcc 1.0.0 1.45 21.44 22.89 OK
r-devel-linux-x86_64-fedora-clang 1.0.0 39.42 OK
r-devel-linux-x86_64-fedora-gcc 1.0.0 36.28 OK
r-devel-windows-x86_64 1.0.0 4.00 43.00 47.00 OK
r-patched-linux-x86_64 1.0.0 1.25 22.47 23.72 OK
r-release-linux-x86_64 1.0.0 1.76 22.69 24.45 OK
r-release-macos-arm64 1.0.0 1.00 20.00 21.00 OK
r-release-macos-x86_64 1.0.0 2.00 33.00 35.00 OK
r-release-windows-x86_64 1.0.0 4.00 45.00 49.00 OK
r-oldrel-macos-arm64 1.0.0 1.00 20.00 21.00 NOTE
r-oldrel-macos-x86_64 1.0.0 2.00 27.00 29.00 NOTE
r-oldrel-windows-x86_64 1.0.0 4.00 51.00 55.00 NOTE

Check Details

Version: 1.0.0
Check: LazyData
Result: NOTE 'LazyData' is specified without a 'data' directory Flavors: r-oldrel-macos-arm64, r-oldrel-macos-x86_64, r-oldrel-windows-x86_64

These binaries (installable software) and packages are in development.
They may not be fully stable and should be used with caution. We make no claims about them.