Last updated on 2025-11-12 12:53:27 CET.
| Flavor | Version | Tinstall | Tcheck | Ttotal | Status | Flags |
|---|---|---|---|---|---|---|
| r-devel-linux-x86_64-debian-clang | 2.3.3 | 6.45 | 56.97 | 63.42 | NOTE | |
| r-devel-linux-x86_64-debian-gcc | 2.3.3 | 4.51 | 40.27 | 44.78 | NOTE | |
| r-devel-linux-x86_64-fedora-clang | 2.3.3 | 15.00 | 80.28 | 95.28 | NOTE | |
| r-devel-linux-x86_64-fedora-gcc | 2.3.3 | 13.00 | 79.67 | 92.67 | NOTE | |
| r-devel-windows-x86_64 | 2.3.3 | 8.00 | 84.00 | 92.00 | NOTE | |
| r-patched-linux-x86_64 | 2.3.3 | 6.70 | 51.42 | 58.12 | NOTE | |
| r-release-linux-x86_64 | 2.3.3 | 5.79 | 51.67 | 57.46 | NOTE | |
| r-release-macos-arm64 | 2.3.3 | 3.00 | 50.00 | 53.00 | NOTE | |
| r-release-macos-x86_64 | 2.3.3 | 6.00 | 73.00 | 79.00 | NOTE | |
| r-release-windows-x86_64 | 2.3.3 | 9.00 | 85.00 | 94.00 | NOTE | |
| r-oldrel-macos-arm64 | 2.3.3 | 3.00 | 50.00 | 53.00 | NOTE | |
| r-oldrel-macos-x86_64 | 2.3.3 | 6.00 | 63.00 | 69.00 | NOTE | |
| r-oldrel-windows-x86_64 | 2.3.3 | 12.00 | 155.00 | 167.00 | NOTE |
Version: 2.3.3
Check: Rd files
Result: NOTE
checkRd: (-1) get_geo_box.Rd:37-38: Lost braces in \itemize; \value handles \item{}{} directly
checkRd: (-1) get_geo_box.Rd:39-40: Lost braces in \itemize; \value handles \item{}{} directly
checkRd: (-1) get_geo_box.Rd:41: Lost braces in \itemize; \value handles \item{}{} directly
checkRd: (-1) get_geo_box.Rd:42: Lost braces in \itemize; \value handles \item{}{} directly
checkRd: (-1) get_geo_box.Rd:43-44: Lost braces in \itemize; \value handles \item{}{} directly
checkRd: (-1) get_geo_entity.Rd:27-28: Lost braces in \itemize; \value handles \item{}{} directly
checkRd: (-1) get_geo_entity.Rd:29-30: Lost braces in \itemize; \value handles \item{}{} directly
checkRd: (-1) get_geo_entity.Rd:31: Lost braces in \itemize; \value handles \item{}{} directly
checkRd: (-1) get_geo_entity.Rd:32: Lost braces in \itemize; \value handles \item{}{} directly
checkRd: (-1) get_geo_entity.Rd:33-34: Lost braces in \itemize; \value handles \item{}{} directly
Flavors: r-devel-linux-x86_64-debian-clang, r-devel-linux-x86_64-debian-gcc, r-devel-linux-x86_64-fedora-clang, r-devel-linux-x86_64-fedora-gcc, r-devel-windows-x86_64, r-patched-linux-x86_64, r-release-linux-x86_64, r-release-macos-arm64, r-release-macos-x86_64, r-release-windows-x86_64, r-oldrel-macos-arm64, r-oldrel-macos-x86_64, r-oldrel-windows-x86_64
These binaries (installable software) and packages are in development.
They may not be fully stable and should be used with caution. We make no claims about them.