Last updated on 2025-02-19 16:51:09 CET.
Flavor | Version | Tinstall | Tcheck | Ttotal | Status | Flags |
---|---|---|---|---|---|---|
r-devel-linux-x86_64-debian-clang | 1.2.0 | 1.56 | 21.35 | 22.91 | OK | |
r-devel-linux-x86_64-debian-gcc | 1.2.0 | 1.41 | 17.76 | 19.17 | OK | |
r-devel-linux-x86_64-fedora-clang | 1.2.0 | 36.24 | OK | |||
r-devel-linux-x86_64-fedora-gcc | 1.2.0 | 34.14 | OK | |||
r-devel-macos-arm64 | 1.2.0 | 16.00 | OK | |||
r-devel-macos-x86_64 | 1.2.0 | 25.00 | OK | |||
r-devel-windows-x86_64 | 1.2.0 | 3.00 | 48.00 | 51.00 | OK | |
r-patched-linux-x86_64 | 1.2.0 | 1.80 | 20.03 | 21.83 | OK | |
r-release-linux-x86_64 | 1.2.0 | 1.48 | 20.27 | 21.75 | OK | |
r-release-macos-arm64 | 1.2.0 | 16.00 | OK | |||
r-release-macos-x86_64 | 1.2.0 | 23.00 | OK | |||
r-release-windows-x86_64 | 1.2.0 | 3.00 | 3.00 | 6.00 | FAIL | |
r-oldrel-macos-arm64 | 1.2.0 | 17.00 | OK | |||
r-oldrel-macos-x86_64 | 1.2.0 | 30.00 | OK | |||
r-oldrel-windows-x86_64 | 1.2.0 | 3.00 | 51.00 | 54.00 | OK |
Version: 1.2.0
Check: package dependencies
Result: FAIL
Flavor: r-release-windows-x86_64
These binaries (installable software) and packages are in development.
They may not be fully stable and should be used with caution. We make no claims about them.