CRAN Package Check Results for Package WordR

Last updated on 2025-05-22 06:52:03 CEST.

Flavor Version Tinstall Tcheck Ttotal Status Flags
r-devel-linux-x86_64-debian-clang 0.3.6 4.39 58.13 62.52 NOTE
r-devel-linux-x86_64-debian-gcc 0.3.6 3.58 42.43 46.01 NOTE
r-devel-linux-x86_64-fedora-clang 0.3.6 110.14 OK
r-devel-linux-x86_64-fedora-gcc 0.3.6 116.25 OK
r-devel-windows-x86_64 0.3.6 7.00 80.00 87.00 OK
r-patched-linux-x86_64 0.3.6 4.08 54.66 58.74 OK
r-release-linux-x86_64 0.3.6 4.33 54.27 58.60 OK
r-release-macos-arm64 0.3.6 38.00 OK
r-release-macos-x86_64 0.3.6 76.00 OK
r-release-windows-x86_64 0.3.6 7.00 82.00 89.00 OK
r-oldrel-macos-arm64 0.3.6 36.00 OK
r-oldrel-macos-x86_64 0.3.6 54.00 OK
r-oldrel-windows-x86_64 0.3.6 9.00 99.00 108.00 OK

Check Details

Version: 0.3.6
Check: CRAN incoming feasibility
Result: NOTE Maintainer: ‘Tomas Hovorka <tomashovorka@seznam.cz>’ No Authors@R field in DESCRIPTION. Please add one, modifying Authors@R: person(given = "Tomas", family = "Hovorka", role = c("aut", "cre"), email = "tomashovorka@seznam.cz") as necessary. Flavors: r-devel-linux-x86_64-debian-clang, r-devel-linux-x86_64-debian-gcc

These binaries (installable software) and packages are in development.
They may not be fully stable and should be used with caution. We make no claims about them.