Last updated on 2024-07-27 15:50:37 CEST.
Flavor | Version | Tinstall | Tcheck | Ttotal | Status | Flags |
---|---|---|---|---|---|---|
r-devel-linux-x86_64-debian-clang | 0.1.1 | 30.40 | 326.66 | 357.06 | OK | |
r-devel-linux-x86_64-debian-gcc | 0.1.1 | OK | ||||
r-devel-linux-x86_64-fedora-clang | 0.1.1 | 433.96 | NOTE | |||
r-devel-linux-x86_64-fedora-gcc | 0.1.1 | 408.74 | NOTE | |||
r-devel-windows-x86_64 | 0.1.1 | 22.00 | 195.00 | 217.00 | OK | |
r-patched-linux-x86_64 | 0.1.1 | OK | ||||
r-release-linux-x86_64 | 0.1.1 | 26.68 | 305.65 | 332.33 | OK | |
r-release-macos-arm64 | 0.1.1 | 116.00 | OK | |||
r-release-macos-x86_64 | 0.1.1 | 162.00 | OK | |||
r-release-windows-x86_64 | 0.1.1 | 22.00 | 195.00 | 217.00 | OK | |
r-oldrel-macos-arm64 | 0.1.1 | 115.00 | OK | |||
r-oldrel-macos-x86_64 | 0.1.1 | 253.00 | OK | |||
r-oldrel-windows-x86_64 | 0.1.1 | 31.00 | 279.00 | 310.00 | OK |
Version: 0.1.1
Check: data for non-ASCII characters
Result: NOTE
Note: found 4 marked Latin-1 strings
Note: found 5 marked UTF-8 strings
Flavors: r-devel-linux-x86_64-fedora-clang, r-devel-linux-x86_64-fedora-gcc
These binaries (installable software) and packages are in development.
They may not be fully stable and should be used with caution. We make no claims about them.