Last updated on 2025-04-16 00:49:57 CEST.
Flavor | Version | Tinstall | Tcheck | Ttotal | Status | Flags |
---|---|---|---|---|---|---|
r-devel-linux-x86_64-debian-clang | 0.2.3 | 148.95 | 331.97 | 480.92 | OK | |
r-devel-linux-x86_64-debian-gcc | 0.2.3 | 121.05 | 218.66 | 339.71 | OK | |
r-devel-linux-x86_64-fedora-clang | 0.2.3 | 868.69 | OK | |||
r-devel-linux-x86_64-fedora-gcc | 0.2.3 | 898.09 | OK | |||
r-devel-windows-x86_64 | 0.2.3 | 165.00 | 310.00 | 475.00 | OK | |
r-patched-linux-x86_64 | 0.2.3 | 167.58 | 322.00 | 489.58 | OK | |
r-release-linux-x86_64 | 0.2.3 | 168.10 | 326.92 | 495.02 | OK | |
r-release-macos-arm64 | 0.2.3 | 180.00 | OK | |||
r-release-macos-x86_64 | 0.2.3 | 359.00 | OK | |||
r-release-windows-x86_64 | 0.2.3 | 162.00 | 307.00 | 469.00 | OK | |
r-oldrel-macos-arm64 | 0.2.3 | 181.00 | NOTE | |||
r-oldrel-macos-x86_64 | 0.2.3 | 362.00 | NOTE | |||
r-oldrel-windows-x86_64 | 0.2.3 | 196.00 | 427.00 | 623.00 | OK |
Version: 0.2.3
Check: installed package size
Result: NOTE
installed size is 43.3Mb
sub-directories of 1Mb or more:
libs 42.3Mb
Flavors: r-oldrel-macos-arm64, r-oldrel-macos-x86_64
These binaries (installable software) and packages are in development.
They may not be fully stable and should be used with caution. We make no claims about them.