CRAN Package Check Results for Package WpProj

Last updated on 2025-07-26 07:50:38 CEST.

Flavor Version Tinstall Tcheck Ttotal Status Flags
r-devel-linux-x86_64-debian-clang 0.2.3 152.06 333.08 485.14 OK
r-devel-linux-x86_64-debian-gcc 0.2.3 114.35 219.84 334.19 OK
r-devel-linux-x86_64-fedora-clang 0.2.3 822.57 OK
r-devel-linux-x86_64-fedora-gcc 0.2.3 841.00 OK
r-devel-windows-x86_64 0.2.3 163.00 329.00 492.00 OK
r-patched-linux-x86_64 0.2.3 164.68 321.94 486.62 OK
r-release-linux-x86_64 0.2.3 165.41 322.18 487.59 OK
r-release-macos-arm64 0.2.3 180.00 OK
r-release-macos-x86_64 0.2.3 359.00 OK
r-release-windows-x86_64 0.2.3 159.00 316.00 475.00 OK
r-oldrel-macos-arm64 0.2.3 181.00 NOTE
r-oldrel-macos-x86_64 0.2.3 362.00 NOTE
r-oldrel-windows-x86_64 0.2.3 189.00 417.00 606.00 OK

Additional issues

Strict

Check Details

Version: 0.2.3
Check: installed package size
Result: NOTE installed size is 43.3Mb sub-directories of 1Mb or more: libs 42.3Mb Flavors: r-oldrel-macos-arm64, r-oldrel-macos-x86_64

These binaries (installable software) and packages are in development.
They may not be fully stable and should be used with caution. We make no claims about them.