Last updated on 2024-07-27 15:50:37 CEST.
Flavor | Version | Tinstall | Tcheck | Ttotal | Status | Flags |
---|---|---|---|---|---|---|
r-devel-linux-x86_64-debian-clang | 0.2.1 | 348.40 | 466.82 | 815.22 | OK | |
r-devel-linux-x86_64-debian-gcc | 0.2.1 | OK | ||||
r-devel-linux-x86_64-fedora-clang | 0.2.1 | 1114.84 | OK | |||
r-devel-linux-x86_64-fedora-gcc | 0.2.1 | 1126.12 | OK | |||
r-devel-windows-x86_64 | 0.2.1 | 286.00 | 334.00 | 620.00 | OK | |
r-patched-linux-x86_64 | 0.2.1 | OK | ||||
r-release-linux-x86_64 | 0.2.1 | 233.15 | 468.90 | 702.05 | OK | |
r-release-macos-arm64 | 0.2.1 | 238.00 | NOTE | |||
r-release-macos-x86_64 | 0.2.1 | 301.00 | NOTE | |||
r-release-windows-x86_64 | 0.2.1 | 328.00 | 337.00 | 665.00 | OK | |
r-oldrel-macos-arm64 | 0.2.1 | 243.00 | NOTE | |||
r-oldrel-macos-x86_64 | 0.2.1 | 492.00 | NOTE | |||
r-oldrel-windows-x86_64 | 0.2.1 | 331.00 | 434.00 | 765.00 | OK |
Version: 0.2.1
Check: installed package size
Result: NOTE
installed size is 58.1Mb
sub-directories of 1Mb or more:
libs 57.2Mb
Flavors: r-release-macos-arm64, r-release-macos-x86_64, r-oldrel-macos-arm64, r-oldrel-macos-x86_64
These binaries (installable software) and packages are in development.
They may not be fully stable and should be used with caution. We make no claims about them.