Last updated on 2025-02-19 16:51:09 CET.
Flavor | Version | Tinstall | Tcheck | Ttotal | Status | Flags |
---|---|---|---|---|---|---|
r-devel-linux-x86_64-debian-clang | 0.2.3 | 152.07 | 335.24 | 487.31 | OK | |
r-devel-linux-x86_64-debian-gcc | 0.2.3 | 119.75 | 213.28 | 333.03 | OK | |
r-devel-linux-x86_64-fedora-clang | 0.2.3 | 828.80 | OK | |||
r-devel-linux-x86_64-fedora-gcc | 0.2.3 | 855.73 | OK | |||
r-devel-macos-arm64 | 0.2.3 | 144.00 | OK | |||
r-devel-macos-x86_64 | 0.2.3 | 418.00 | OK | |||
r-devel-windows-x86_64 | 0.2.3 | 149.00 | 314.00 | 463.00 | OK | |
r-patched-linux-x86_64 | 0.2.3 | 162.96 | 319.88 | 482.84 | OK | |
r-release-linux-x86_64 | 0.2.3 | 168.74 | 312.91 | 481.65 | OK | |
r-release-macos-arm64 | 0.2.3 | 181.00 | NOTE | |||
r-release-macos-x86_64 | 0.2.3 | 362.00 | NOTE | |||
r-release-windows-x86_64 | 0.2.3 | 150.00 | 3.00 | 153.00 | FAIL | |
r-oldrel-macos-arm64 | 0.2.1 | 243.00 | NOTE | |||
r-oldrel-macos-x86_64 | 0.2.3 | 346.00 | NOTE | |||
r-oldrel-windows-x86_64 | 0.2.3 | 191.00 | 389.00 | 580.00 | OK |
Version: 0.2.3
Check: installed package size
Result: NOTE
installed size is 43.3Mb
sub-directories of 1Mb or more:
libs 42.3Mb
Flavors: r-release-macos-arm64, r-release-macos-x86_64, r-oldrel-macos-x86_64
Version: 0.2.3
Check: package dependencies
Result: FAIL
Flavor: r-release-windows-x86_64
Version: 0.2.1
Check: installed package size
Result: NOTE
installed size is 40.7Mb
sub-directories of 1Mb or more:
libs 39.8Mb
Flavor: r-oldrel-macos-arm64
These binaries (installable software) and packages are in development.
They may not be fully stable and should be used with caution. We make no claims about them.