Last updated on 2025-11-13 01:50:38 CET.
| Flavor | Version | Tinstall | Tcheck | Ttotal | Status | Flags |
|---|---|---|---|---|---|---|
| r-devel-linux-x86_64-debian-clang | 0.2.3 | 154.67 | 342.03 | 496.70 | OK | |
| r-devel-linux-x86_64-debian-gcc | 0.2.3 | 118.23 | 219.61 | 337.84 | OK | |
| r-devel-linux-x86_64-fedora-clang | 0.2.3 | 277.00 | 549.67 | 826.67 | OK | |
| r-devel-linux-x86_64-fedora-gcc | 0.2.3 | 197.00 | 661.20 | 858.20 | OK | |
| r-devel-windows-x86_64 | 0.2.3 | 170.00 | 320.00 | 490.00 | OK | |
| r-patched-linux-x86_64 | 0.2.3 | 165.26 | 326.71 | 491.97 | OK | |
| r-release-linux-x86_64 | 0.2.3 | 164.82 | 334.63 | 499.45 | OK | |
| r-release-macos-arm64 | 0.2.3 | 57.00 | 123.00 | 180.00 | OK | |
| r-release-macos-x86_64 | 0.2.3 | 73.00 | 286.00 | 359.00 | OK | |
| r-release-windows-x86_64 | 0.2.3 | 164.00 | 312.00 | 476.00 | OK | |
| r-oldrel-macos-arm64 | 0.2.3 | 60.00 | 121.00 | 181.00 | NOTE | |
| r-oldrel-macos-x86_64 | 0.2.3 | 82.00 | 280.00 | 362.00 | NOTE | |
| r-oldrel-windows-x86_64 | 0.2.3 | 197.00 | 426.00 | 623.00 | OK |
Version: 0.2.3
Check: installed package size
Result: NOTE
installed size is 43.3Mb
sub-directories of 1Mb or more:
libs 42.3Mb
Flavors: r-oldrel-macos-arm64, r-oldrel-macos-x86_64
These binaries (installable software) and packages are in development.
They may not be fully stable and should be used with caution. We make no claims about them.