CRAN Package Check Results for Package XDNUTS

Last updated on 2025-05-03 22:50:14 CEST.

Flavor Version Tinstall Tcheck Ttotal Status Flags
r-devel-linux-x86_64-debian-clang 1.6 162.54 175.87 338.41 OK
r-devel-linux-x86_64-debian-gcc 1.6 123.48 104.86 228.34 OK
r-devel-linux-x86_64-fedora-clang 1.6 604.69 OK
r-devel-linux-x86_64-fedora-gcc 1.6 697.46 OK
r-devel-windows-x86_64 1.6 181.00 179.00 360.00 OK
r-patched-linux-x86_64 1.6 168.30 165.46 333.76 OK
r-release-linux-x86_64 OK
r-release-macos-arm64 1.6 122.00 OK
r-release-macos-x86_64 1.6 231.00 OK
r-release-windows-x86_64 1.6 181.00 175.00 356.00 OK
r-oldrel-macos-arm64 1.6 142.00 NOTE
r-oldrel-macos-x86_64 1.6 210.00 NOTE
r-oldrel-windows-x86_64 1.6 203.00 244.00 447.00 OK

Check Details

Version: 1.6
Check: installed package size
Result: NOTE installed size is 15.9Mb sub-directories of 1Mb or more: doc 2.5Mb libs 13.2Mb Flavors: r-oldrel-macos-arm64, r-oldrel-macos-x86_64

These binaries (installable software) and packages are in development.
They may not be fully stable and should be used with caution. We make no claims about them.