Last updated on 2025-02-16 10:51:03 CET.
Flavor | Version | Tinstall | Tcheck | Ttotal | Status | Flags |
---|---|---|---|---|---|---|
r-devel-linux-x86_64-debian-clang | 1.5.6 | 155.66 | 171.59 | 327.25 | OK | |
r-devel-linux-x86_64-debian-gcc | 1.5.6 | 117.90 | 104.58 | 222.48 | OK | |
r-devel-linux-x86_64-fedora-clang | 1.5.6 | 659.32 | OK | |||
r-devel-linux-x86_64-fedora-gcc | 1.5.6 | 669.73 | OK | |||
r-devel-macos-arm64 | 1.5.6 | 104.00 | OK | |||
r-devel-macos-x86_64 | 1.5.6 | 214.00 | OK | |||
r-devel-windows-x86_64 | 1.5.6 | 156.00 | 167.00 | 323.00 | OK | |
r-patched-linux-x86_64 | 1.5.6 | 164.40 | 162.05 | 326.45 | OK | |
r-release-linux-x86_64 | 1.5.6 | 163.40 | 159.49 | 322.89 | OK | |
r-release-macos-arm64 | 1.5.6 | 116.00 | NOTE | |||
r-release-macos-x86_64 | 1.5.6 | 179.00 | NOTE | |||
r-release-windows-x86_64 | 1.5.6 | 158.00 | 172.00 | 330.00 | OK | |
r-oldrel-macos-arm64 | 1.5.5 | 117.00 | NOTE | |||
r-oldrel-macos-x86_64 | 1.5.6 | 183.00 | NOTE | |||
r-oldrel-windows-x86_64 | 1.5.6 | 186.00 | 224.00 | 410.00 | OK |
Version: 1.5.6
Check: installed package size
Result: NOTE
installed size is 14.9Mb
sub-directories of 1Mb or more:
doc 2.5Mb
libs 12.2Mb
Flavors: r-release-macos-arm64, r-release-macos-x86_64, r-oldrel-macos-x86_64
Version: 1.5.5
Check: installed package size
Result: NOTE
installed size is 14.9Mb
sub-directories of 1Mb or more:
doc 2.5Mb
libs 12.2Mb
Flavor: r-oldrel-macos-arm64
These binaries (installable software) and packages are in development.
They may not be fully stable and should be used with caution. We make no claims about them.