Last updated on 2025-11-13 19:50:43 CET.
| Flavor | Version | Tinstall | Tcheck | Ttotal | Status | Flags |
|---|---|---|---|---|---|---|
| r-devel-linux-x86_64-debian-clang | 1.2.2 | 12.04 | 161.97 | 174.01 | OK | |
| r-devel-linux-x86_64-debian-gcc | 1.2.2 | 9.06 | 120.79 | 129.85 | OK | |
| r-devel-linux-x86_64-fedora-clang | 1.2.2 | 23.00 | 223.95 | 246.95 | OK | |
| r-devel-linux-x86_64-fedora-gcc | 1.2.2 | 23.00 | 233.62 | 256.62 | OK | |
| r-devel-windows-x86_64 | 1.2.2 | 21.00 | 259.00 | 280.00 | OK | |
| r-patched-linux-x86_64 | 1.2.2 | 14.66 | 155.60 | 170.26 | OK | |
| r-release-linux-x86_64 | 1.2.2 | 11.51 | 155.65 | 167.16 | OK | |
| r-release-macos-arm64 | 1.2.2 | 24.00 | 96.00 | 120.00 | OK | |
| r-release-macos-x86_64 | 1.2.2 | 29.00 | 186.00 | 215.00 | OK | |
| r-release-windows-x86_64 | 1.2.2 | 23.00 | 260.00 | 283.00 | OK | |
| r-oldrel-macos-arm64 | 1.2.2 | 26.00 | 69.00 | 95.00 | NOTE | |
| r-oldrel-macos-x86_64 | 1.2.2 | 29.00 | 201.00 | 230.00 | NOTE | |
| r-oldrel-windows-x86_64 | 1.2.2 | 22.00 | 294.00 | 316.00 | NOTE |
Version: 1.2.2
Check: installed package size
Result: NOTE
installed size is 31.7Mb
sub-directories of 1Mb or more:
java 29.2Mb
Flavors: r-oldrel-macos-arm64, r-oldrel-macos-x86_64, r-oldrel-windows-x86_64
These binaries (installable software) and packages are in development.
They may not be fully stable and should be used with caution. We make no claims about them.