Last updated on 2025-02-16 10:51:03 CET.
Flavor | Version | Tinstall | Tcheck | Ttotal | Status | Flags |
---|---|---|---|---|---|---|
r-devel-linux-x86_64-debian-clang | 0.0.8 | 3.26 | 27.87 | 31.13 | NOTE | |
r-devel-linux-x86_64-debian-gcc | 0.0.8 | 2.45 | 21.67 | 24.12 | NOTE | |
r-devel-linux-x86_64-fedora-clang | 0.0.8 | 50.97 | OK | |||
r-devel-linux-x86_64-fedora-gcc | 0.0.8 | 47.57 | OK | |||
r-devel-macos-arm64 | 0.0.8 | 25.00 | OK | |||
r-devel-macos-x86_64 | 0.0.8 | 30.00 | OK | |||
r-devel-windows-x86_64 | 0.0.8 | 4.00 | 47.00 | 51.00 | NOTE | |
r-patched-linux-x86_64 | 0.0.8 | 5.95 | 26.52 | 32.47 | OK | |
r-release-linux-x86_64 | 0.0.8 | 2.07 | 26.81 | 28.88 | OK | |
r-release-macos-arm64 | 0.0.8 | 17.00 | OK | |||
r-release-macos-x86_64 | 0.0.8 | 29.00 | OK | |||
r-release-windows-x86_64 | 0.0.8 | 5.00 | 49.00 | 54.00 | OK | |
r-oldrel-macos-arm64 | 0.0.8 | 23.00 | OK | |||
r-oldrel-macos-x86_64 | 0.0.8 | 36.00 | OK | |||
r-oldrel-windows-x86_64 | 0.0.8 | 6.00 | 51.00 | 57.00 | OK |
Version: 0.0.8
Check: Rd cross-references
Result: NOTE
Found the following Rd file(s) with Rd \link{} targets missing package
anchors:
XML2Obs.Rd: getNodeSet
XML2R.Rd: xmlParse, getNodeSet
docsToNodes.Rd: getNodeSet
nodesToList.Rd: xmlToList
re_name.Rd: collapse
urlsToDocs.Rd: xmlParse
Please provide package anchors for all Rd \link{} targets not in the
package itself and the base packages.
Flavors: r-devel-linux-x86_64-debian-clang, r-devel-linux-x86_64-debian-gcc, r-devel-windows-x86_64
These binaries (installable software) and packages are in development.
They may not be fully stable and should be used with caution. We make no claims about them.