CRAN Package Check Results for Package XNomial

Last updated on 2025-02-23 13:51:29 CET.

Flavor Version Tinstall Tcheck Ttotal Status Flags
r-devel-linux-x86_64-debian-clang 1.0.4.1 2.63 20.86 23.49 OK
r-devel-linux-x86_64-debian-gcc 1.0.4.1 2.09 16.52 18.61 OK
r-devel-linux-x86_64-fedora-clang 1.0.4.1 38.46 NOTE
r-devel-linux-x86_64-fedora-gcc 1.0.4.1 57.90 NOTE
r-devel-macos-arm64 1.0.4.1 25.00 OK
r-devel-macos-x86_64 1.0.4.1 47.00 OK
r-devel-windows-x86_64 1.0.4.1 6.00 44.00 50.00 OK
r-patched-linux-x86_64 1.0.4.1 2.47 19.90 22.37 OK
r-release-linux-x86_64 1.0.4.1 2.19 19.98 22.17 OK
r-release-macos-arm64 1.0.4.1 40.00 OK
r-release-macos-x86_64 1.0.4.1 85.00 OK
r-release-windows-x86_64 1.0.4.1 6.00 44.00 50.00 OK
r-oldrel-macos-arm64 1.0.4.1 40.00 OK
r-oldrel-macos-x86_64 1.0.4.1 88.00 OK
r-oldrel-windows-x86_64 1.0.4.1 6.00 46.00 52.00 OK

Check Details

Version: 1.0.4.1
Check: compiled code
Result: NOTE File ‘XNomial/libs/XNomial.so’: Found no calls to: ‘R_registerRoutines’, ‘R_useDynamicSymbols’ It is good practice to register native routines and to disable symbol search. See ‘Writing portable packages’ in the ‘Writing R Extensions’ manual. Flavors: r-devel-linux-x86_64-fedora-clang, r-devel-linux-x86_64-fedora-gcc

These binaries (installable software) and packages are in development.
They may not be fully stable and should be used with caution. We make no claims about them.