Last updated on 2024-07-27 15:50:37 CEST.
Flavor | Version | Tinstall | Tcheck | Ttotal | Status | Flags |
---|---|---|---|---|---|---|
r-devel-linux-x86_64-debian-clang | 0.9.0.1 | 4.26 | 37.81 | 42.07 | OK | |
r-devel-linux-x86_64-debian-gcc | 0.9.0.1 | NOTE | ||||
r-devel-linux-x86_64-fedora-clang | 0.9.0.1 | 55.72 | OK | |||
r-devel-linux-x86_64-fedora-gcc | 0.9.0.1 | 65.40 | OK | |||
r-devel-windows-x86_64 | 0.9.0.1 | 6.00 | 52.00 | 58.00 | NOTE | |
r-patched-linux-x86_64 | 0.9.0.1 | OK | ||||
r-release-linux-x86_64 | 0.9.0.1 | 4.38 | 35.84 | 40.22 | OK | |
r-release-macos-arm64 | 0.9.0.1 | 39.00 | OK | |||
r-release-macos-x86_64 | 0.9.0.1 | 40.00 | OK | |||
r-release-windows-x86_64 | 0.9.0.1 | 6.00 | 50.00 | 56.00 | OK | |
r-oldrel-macos-arm64 | 0.9.0.1 | 31.00 | OK | |||
r-oldrel-macos-x86_64 | 0.9.0.1 | 57.00 | OK | |||
r-oldrel-windows-x86_64 | 0.9.0.1 | 8.00 | 51.00 | 59.00 | OK |
Version: 0.9.0.1
Check: Rd cross-references
Result: NOTE
Found the following Rd file(s) with Rd \link{} targets missing package
anchors:
RJulia.Rd: getInterface
Please provide package anchors for all Rd \link{} targets not in the
package itself and the base packages.
Flavors: r-devel-linux-x86_64-debian-gcc, r-devel-windows-x86_64
These binaries (installable software) and packages are in development.
They may not be fully stable and should be used with caution. We make no claims about them.