CRAN Package Check Results for Package XRJulia

Last updated on 2025-05-23 15:49:31 CEST.

Flavor Version Tinstall Tcheck Ttotal Status Flags
r-devel-linux-x86_64-debian-clang 0.9.0.1 5.47 29.75 35.22 NOTE
r-devel-linux-x86_64-debian-gcc 0.9.0.1 3.71 23.86 27.57 NOTE
r-devel-linux-x86_64-fedora-clang 0.9.0.1 55.82 OK
r-devel-linux-x86_64-fedora-gcc 0.9.0.1 66.97 OK
r-devel-windows-x86_64 0.9.0.1 6.00 89.00 95.00 NOTE
r-patched-linux-x86_64 0.9.0.1 4.91 28.58 33.49 NOTE
r-release-linux-x86_64 0.9.0.1 4.73 28.57 33.30 NOTE
r-release-macos-arm64 0.9.0.1 52.00 OK
r-release-macos-x86_64 0.9.0.1 91.00 OK
r-release-windows-x86_64 0.9.0.1 7.00 84.00 91.00 NOTE
r-oldrel-macos-arm64 0.9.0.1 39.00 OK
r-oldrel-macos-x86_64 0.9.0.1 40.00 OK
r-oldrel-windows-x86_64 0.9.0.1 8.00 58.00 66.00 OK

Check Details

Version: 0.9.0.1
Check: CRAN incoming feasibility
Result: NOTE Maintainer: ‘John Chambers <jmc@r-project.org>’ No Authors@R field in DESCRIPTION. Please add one, modifying Authors@R: c(person(given = c("John", "M."), family = "Chambers", role = "aut"), person(given = "John", family = "Chambers", role = "cre", email = "jmc@r-project.org")) as necessary. Flavors: r-devel-linux-x86_64-debian-clang, r-devel-linux-x86_64-debian-gcc

Version: 0.9.0.1
Check: Rd cross-references
Result: NOTE Found the following Rd file(s) with Rd \link{} targets missing package anchors: RJulia.Rd: getInterface Please provide package anchors for all Rd \link{} targets not in the package itself and the base packages. Flavors: r-devel-linux-x86_64-debian-clang, r-devel-linux-x86_64-debian-gcc, r-devel-windows-x86_64, r-patched-linux-x86_64, r-release-linux-x86_64, r-release-windows-x86_64

These binaries (installable software) and packages are in development.
They may not be fully stable and should be used with caution. We make no claims about them.