Last updated on 2025-02-16 10:51:03 CET.
Flavor | Version | Tinstall | Tcheck | Ttotal | Status | Flags |
---|---|---|---|---|---|---|
r-devel-linux-x86_64-debian-clang | 0.9.0.1 | 5.06 | 29.10 | 34.16 | NOTE | |
r-devel-linux-x86_64-debian-gcc | 0.9.0.1 | 3.59 | 23.04 | 26.63 | NOTE | |
r-devel-linux-x86_64-fedora-clang | 0.9.0.1 | 57.74 | OK | |||
r-devel-linux-x86_64-fedora-gcc | 0.9.0.1 | 66.88 | OK | |||
r-devel-macos-arm64 | 0.9.0.1 | 27.00 | OK | |||
r-devel-macos-x86_64 | 0.9.0.1 | 53.00 | OK | |||
r-devel-windows-x86_64 | 0.9.0.1 | 6.00 | 54.00 | 60.00 | NOTE | |
r-patched-linux-x86_64 | 0.9.0.1 | 6.59 | 27.60 | 34.19 | OK | |
r-release-linux-x86_64 | 0.9.0.1 | 3.56 | 28.15 | 31.71 | OK | |
r-release-macos-arm64 | 0.9.0.1 | 39.00 | OK | |||
r-release-macos-x86_64 | 0.9.0.1 | 40.00 | OK | |||
r-release-windows-x86_64 | 0.9.0.1 | 6.00 | 52.00 | 58.00 | OK | |
r-oldrel-macos-arm64 | 0.9.0.1 | 31.00 | OK | |||
r-oldrel-macos-x86_64 | 0.9.0.1 | 57.00 | OK | |||
r-oldrel-windows-x86_64 | 0.9.0.1 | 8.00 | 53.00 | 61.00 | OK |
Version: 0.9.0.1
Check: Rd cross-references
Result: NOTE
Found the following Rd file(s) with Rd \link{} targets missing package
anchors:
RJulia.Rd: getInterface
Please provide package anchors for all Rd \link{} targets not in the
package itself and the base packages.
Flavors: r-devel-linux-x86_64-debian-clang, r-devel-linux-x86_64-debian-gcc, r-devel-windows-x86_64
These binaries (installable software) and packages are in development.
They may not be fully stable and should be used with caution. We make no claims about them.