Last updated on 2025-10-23 11:50:34 CEST.
Flavor | Version | Tinstall | Tcheck | Ttotal | Status | Flags |
---|---|---|---|---|---|---|
r-devel-linux-x86_64-debian-clang | 1.0.6 | 8.83 | 167.06 | 175.89 | NOTE | |
r-devel-linux-x86_64-debian-gcc | 1.0.6 | 6.07 | 117.32 | 123.39 | NOTE | |
r-devel-linux-x86_64-fedora-clang | 1.0.6 | 20.00 | 252.40 | 272.40 | NOTE | |
r-devel-linux-x86_64-fedora-gcc | 1.0.6 | 18.00 | 256.27 | 274.27 | NOTE | |
r-devel-windows-x86_64 | 1.0.6 | 12.00 | 171.00 | 183.00 | NOTE | |
r-patched-linux-x86_64 | 1.0.6 | 9.07 | 153.56 | 162.63 | NOTE | |
r-release-linux-x86_64 | 1.0.6 | 7.68 | 154.31 | 161.99 | NOTE | |
r-release-macos-arm64 | 1.0.6 | 3.00 | 71.00 | 74.00 | NOTE | |
r-release-macos-x86_64 | 1.0.6 | 6.00 | 150.00 | 156.00 | NOTE | |
r-release-windows-x86_64 | 1.0.6 | 11.00 | 172.00 | 183.00 | NOTE | |
r-oldrel-macos-arm64 | 1.0.6 | 3.00 | 76.00 | 79.00 | OK | |
r-oldrel-macos-x86_64 | 1.0.6 | 5.00 | 129.00 | 134.00 | OK | |
r-oldrel-windows-x86_64 | 1.0.6 | 16.00 | 216.00 | 232.00 | OK |
Version: 1.0.6
Check: DESCRIPTION meta-information
Result: NOTE
Missing dependency on R >= 4.1.0 because package code uses the pipe
|> or function shorthand \(...) syntax added in R 4.1.0.
File(s) using such syntax:
‘exhaustive_lhl.Rd’ ‘gaussian_fit.Rd’ ‘hyperbolic_fit.Rd’
Flavors: r-devel-linux-x86_64-debian-clang, r-devel-linux-x86_64-debian-gcc, r-devel-linux-x86_64-fedora-clang, r-devel-linux-x86_64-fedora-gcc, r-devel-windows-x86_64, r-patched-linux-x86_64, r-release-linux-x86_64, r-release-macos-arm64, r-release-macos-x86_64, r-release-windows-x86_64
These binaries (installable software) and packages are in development.
They may not be fully stable and should be used with caution. We make no claims about them.