Last updated on 2025-02-16 12:53:57 CET.
Flavor | Version | Tinstall | Tcheck | Ttotal | Status | Flags |
---|---|---|---|---|---|---|
r-devel-linux-x86_64-debian-clang | 0.0.1 | 231.97 | 156.46 | 388.43 | OK | |
r-devel-linux-x86_64-debian-gcc | 0.0.1 | 241.73 | 129.20 | 370.93 | OK | |
r-devel-linux-x86_64-fedora-clang | 0.0.1 | 640.32 | NOTE | |||
r-devel-linux-x86_64-fedora-gcc | 0.0.1 | 787.77 | NOTE | |||
r-devel-macos-arm64 | 0.0.1 | 159.00 | OK | |||
r-devel-macos-x86_64 | 0.0.1 | 293.00 | OK | |||
r-devel-windows-x86_64 | 0.0.1 | 229.00 | 187.00 | 416.00 | OK | |
r-patched-linux-x86_64 | 0.0.1 | 285.30 | 170.86 | 456.16 | NOTE | |
r-release-linux-x86_64 | 0.0.1 | 277.36 | 169.88 | 447.24 | NOTE | |
r-release-macos-arm64 | 0.0.1 | 161.00 | NOTE | |||
r-release-macos-x86_64 | 0.0.1 | 222.00 | NOTE | |||
r-release-windows-x86_64 | 0.0.1 | 240.00 | 189.00 | 429.00 | NOTE | |
r-oldrel-macos-arm64 | 0.0.1 | 164.00 | NOTE | |||
r-oldrel-macos-x86_64 | 0.0.1 | 251.00 | NOTE | |||
r-oldrel-windows-x86_64 | 0.0.1 | 308.00 | 233.00 | 541.00 | NOTE |
Version: 0.0.1
Check: dependencies in R code
Result: NOTE
Namespace in Imports field not imported from: ‘rstantools’
All declared Imports should be used.
Flavors: r-devel-linux-x86_64-fedora-clang, r-devel-linux-x86_64-fedora-gcc
Version: 0.0.1
Check: for GNU extensions in Makefiles
Result: NOTE
GNU make is a SystemRequirements.
Flavors: r-patched-linux-x86_64, r-release-linux-x86_64, r-release-macos-arm64, r-release-macos-x86_64, r-release-windows-x86_64, r-oldrel-macos-arm64, r-oldrel-macos-x86_64, r-oldrel-windows-x86_64
Version: 0.0.1
Check: installed package size
Result: NOTE
installed size is 56.0Mb
sub-directories of 1Mb or more:
libs 55.7Mb
Flavors: r-release-macos-arm64, r-release-macos-x86_64, r-oldrel-macos-arm64, r-oldrel-macos-x86_64
These binaries (installable software) and packages are in development.
They may not be fully stable and should be used with caution. We make no claims about them.