Last updated on 2025-05-01 08:52:50 CEST.
Flavor | Version | Tinstall | Tcheck | Ttotal | Status | Flags |
---|---|---|---|---|---|---|
r-devel-linux-x86_64-debian-clang | 1.0.3 | 10.50 | 30.02 | 40.52 | NOTE | |
r-devel-linux-x86_64-debian-gcc | 1.0.3 | 7.60 | 23.57 | 31.17 | NOTE | |
r-devel-linux-x86_64-fedora-clang | 1.0.3 | 68.69 | OK | |||
r-devel-linux-x86_64-fedora-gcc | 1.0.3 | 64.61 | OK | |||
r-devel-windows-x86_64 | 1.0.3 | 13.00 | 72.00 | 85.00 | OK | |
r-patched-linux-x86_64 | 1.0.3 | 10.25 | 27.76 | 38.01 | OK | |
r-release-linux-x86_64 | OK | |||||
r-release-macos-arm64 | 1.0.3 | 24.00 | OK | |||
r-release-macos-x86_64 | 1.0.3 | 41.00 | OK | |||
r-release-windows-x86_64 | 1.0.3 | 12.00 | 79.00 | 91.00 | OK | |
r-oldrel-macos-arm64 | 1.0.3 | 22.00 | OK | |||
r-oldrel-macos-x86_64 | 1.0.3 | 34.00 | OK | |||
r-oldrel-windows-x86_64 | 1.0.3 | 12.00 | 76.00 | 88.00 | OK |
Version: 1.0.3
Check: CRAN incoming feasibility
Result: NOTE
Maintainer: ‘Daewoo Pak <heavyrain.pak@gmail.com>’
No Authors@R field in DESCRIPTION.
Please add one, modifying
Authors@R: c(person(given = "Daewoo",
family = "Pak",
role = c("aut", "cre"),
email = "heavyrain.pak@gmail.com"),
person(given = "Song",
family = "Yang",
role = "aut"))
as necessary.
Flavors: r-devel-linux-x86_64-debian-clang, r-devel-linux-x86_64-debian-gcc
Version: 1.0.3
Check: examples
Result: NOTE
Examples with CPU (user + system) or elapsed time > 5s
user system elapsed
ypinterim 3.766 0.149 5.099
Flavor: r-devel-linux-x86_64-debian-clang
These binaries (installable software) and packages are in development.
They may not be fully stable and should be used with caution. We make no claims about them.