Last updated on 2025-02-21 15:52:20 CET.
Flavor | Version | Tinstall | Tcheck | Ttotal | Status | Flags |
---|---|---|---|---|---|---|
r-devel-linux-x86_64-debian-clang | 4.0.4 | 1.62 | 15.46 | 17.08 | OK | |
r-devel-linux-x86_64-debian-gcc | 4.0.4 | 1.27 | 12.76 | 14.03 | OK | |
r-devel-linux-x86_64-fedora-clang | 4.0.4 | 27.10 | NOTE | |||
r-devel-linux-x86_64-fedora-gcc | 4.0.4 | 26.22 | NOTE | |||
r-devel-macos-arm64 | 4.0.4 | 15.00 | OK | |||
r-devel-macos-x86_64 | 4.0.4 | 21.00 | OK | |||
r-devel-windows-x86_64 | 4.0.4 | 3.00 | 40.00 | 43.00 | OK | |
r-patched-linux-x86_64 | 4.0.4 | 1.62 | 14.89 | 16.51 | OK | |
r-release-linux-x86_64 | 4.0.4 | 1.55 | 14.81 | 16.36 | OK | |
r-release-macos-arm64 | 4.0.4 | 15.00 | OK | |||
r-release-macos-x86_64 | 4.0.4 | 20.00 | OK | |||
r-release-windows-x86_64 | 4.0.4 | 3.00 | 37.00 | 40.00 | OK | |
r-oldrel-macos-arm64 | 4.0.4 | 15.00 | OK | |||
r-oldrel-macos-x86_64 | 4.0.4 | 17.00 | OK | |||
r-oldrel-windows-x86_64 | 4.0.4 | 3.00 | 58.00 | 61.00 | OK |
Version: 4.0.4
Check: dependencies in R code
Result: NOTE
Namespace in Imports field not imported from: ‘lubridate’
All declared Imports should be used.
Flavors: r-devel-linux-x86_64-fedora-clang, r-devel-linux-x86_64-fedora-gcc
These binaries (installable software) and packages are in development.
They may not be fully stable and should be used with caution. We make no claims about them.