Last updated on 2025-07-04 11:50:43 CEST.
Flavor | Version | Tinstall | Tcheck | Ttotal | Status | Flags |
---|---|---|---|---|---|---|
r-devel-linux-x86_64-debian-clang | 0.8.1 | 5.90 | 57.13 | 63.03 | NOTE | |
r-devel-linux-x86_64-debian-gcc | 0.8.1 | 4.99 | 43.91 | 48.90 | NOTE | |
r-devel-linux-x86_64-fedora-clang | 0.8.1 | 99.36 | OK | |||
r-devel-linux-x86_64-fedora-gcc | 0.8.1 | 94.78 | OK | |||
r-devel-windows-x86_64 | 0.8.1 | 8.00 | 69.00 | 77.00 | OK | |
r-patched-linux-x86_64 | 0.8.1 | 7.69 | 54.78 | 62.47 | OK | |
r-release-linux-x86_64 | 0.8.1 | 6.98 | 54.62 | 61.60 | OK | |
r-release-macos-arm64 | 0.8.1 | 36.00 | OK | |||
r-release-macos-x86_64 | 0.8.1 | 73.00 | OK | |||
r-release-windows-x86_64 | 0.8.1 | 8.00 | 75.00 | 83.00 | OK | |
r-oldrel-macos-arm64 | 0.8.1 | 34.00 | OK | |||
r-oldrel-macos-x86_64 | 0.8.1 | 45.00 | OK | |||
r-oldrel-windows-x86_64 | 0.8.1 | 10.00 | 112.00 | 122.00 | OK |
Version: 0.8.1
Check: CRAN incoming feasibility
Result: NOTE
Maintainer: ‘Tianchen Xu <tx2155@columbia.edu>’
No Authors@R field in DESCRIPTION.
Please add one, modifying
Authors@R: c(person(given = "Tianchen",
family = "Xu",
role = c("aut", "cre"),
email = "tx2155@columbia.edu",
comment = c(ORCID = "0000-0002-0102-7630")),
person(given = c("Ryan", "T."),
family = "Demmer",
role = "aut"),
person(given = "Gen",
family = "Li",
role = "aut"))
as necessary.
Flavors: r-devel-linux-x86_64-debian-clang, r-devel-linux-x86_64-debian-gcc
These binaries (installable software) and packages are in development.
They may not be fully stable and should be used with caution. We make no claims about them.