Last updated on 2025-05-21 17:52:32 CEST.
Flavor | Version | Tinstall | Tcheck | Ttotal | Status | Flags |
---|---|---|---|---|---|---|
r-devel-linux-x86_64-debian-clang | 0.8.1 | 7.23 | 56.05 | 63.28 | NOTE | |
r-devel-linux-x86_64-debian-gcc | 0.8.1 | 5.48 | 43.01 | 48.49 | NOTE | |
r-devel-linux-x86_64-fedora-clang | 0.8.1 | 98.73 | OK | |||
r-devel-linux-x86_64-fedora-gcc | 0.8.1 | 96.25 | OK | |||
r-devel-windows-x86_64 | 0.8.1 | 8.00 | 75.00 | 83.00 | OK | |
r-patched-linux-x86_64 | 0.8.1 | 7.26 | 53.57 | 60.83 | OK | |
r-release-linux-x86_64 | 0.8.1 | 6.80 | 53.97 | 60.77 | OK | |
r-release-macos-arm64 | 0.8.1 | 36.00 | OK | |||
r-release-macos-x86_64 | 0.8.1 | 73.00 | OK | |||
r-release-windows-x86_64 | 0.8.1 | 7.00 | 79.00 | 86.00 | OK | |
r-oldrel-macos-arm64 | 0.8.1 | 34.00 | OK | |||
r-oldrel-macos-x86_64 | 0.8.1 | 45.00 | OK | |||
r-oldrel-windows-x86_64 | 0.8.1 | 10.00 | 83.00 | 93.00 | OK |
Version: 0.8.1
Check: CRAN incoming feasibility
Result: NOTE
Maintainer: ‘Tianchen Xu <tx2155@columbia.edu>’
No Authors@R field in DESCRIPTION.
Please add one, modifying
Authors@R: c(person(given = "Tianchen",
family = "Xu",
role = c("aut", "cre"),
email = "tx2155@columbia.edu",
comment = c(ORCID = "0000-0002-0102-7630")),
person(given = c("Ryan", "T."),
family = "Demmer",
role = "aut"),
person(given = "Gen",
family = "Li",
role = "aut"))
as necessary.
Flavors: r-devel-linux-x86_64-debian-clang, r-devel-linux-x86_64-debian-gcc
These binaries (installable software) and packages are in development.
They may not be fully stable and should be used with caution. We make no claims about them.