Last updated on 2025-05-23 01:51:17 CEST.
Flavor | Version | Tinstall | Tcheck | Ttotal | Status | Flags |
---|---|---|---|---|---|---|
r-devel-linux-x86_64-debian-clang | 1.1 | 3.12 | 25.75 | 28.87 | OK | |
r-devel-linux-x86_64-debian-gcc | 1.1 | 2.29 | 19.64 | 21.93 | OK | |
r-devel-linux-x86_64-fedora-clang | 1.1 | 44.89 | NOTE | |||
r-devel-linux-x86_64-fedora-gcc | 1.1 | 42.56 | NOTE | |||
r-devel-windows-x86_64 | 1.1 | 4.00 | 76.00 | 80.00 | OK | |
r-patched-linux-x86_64 | 1.1 | 2.91 | 23.45 | 26.36 | OK | |
r-release-linux-x86_64 | 1.1 | 3.04 | 23.62 | 26.66 | OK | |
r-release-macos-arm64 | 1.1 | 17.00 | OK | |||
r-release-macos-x86_64 | 1.1 | 29.00 | OK | |||
r-release-windows-x86_64 | 1.1 | 4.00 | 81.00 | 85.00 | OK | |
r-oldrel-macos-arm64 | 1.1 | 17.00 | OK | |||
r-oldrel-macos-x86_64 | 1.1 | 25.00 | OK | |||
r-oldrel-windows-x86_64 | 1.1 | 5.00 | 51.00 | 56.00 | OK |
Version: 1.1
Check: dependencies in R code
Result: NOTE
Namespace in Imports field not imported from: ‘MASS’
All declared Imports should be used.
Flavors: r-devel-linux-x86_64-fedora-clang, r-devel-linux-x86_64-fedora-gcc
These binaries (installable software) and packages are in development.
They may not be fully stable and should be used with caution. We make no claims about them.