Last updated on 2025-07-02 03:50:56 CEST.
Flavor | Version | Tinstall | Tcheck | Ttotal | Status | Flags |
---|---|---|---|---|---|---|
r-devel-linux-x86_64-debian-clang | 0.1.1 | 3.52 | 137.69 | 141.21 | NOTE | |
r-devel-linux-x86_64-debian-gcc | 0.1.1 | 2.25 | 131.21 | 133.46 | NOTE | |
r-devel-linux-x86_64-fedora-clang | 0.1.1 | 154.56 | OK | |||
r-devel-linux-x86_64-fedora-gcc | 0.1.1 | 171.62 | OK | |||
r-devel-windows-x86_64 | 0.1.1 | 5.00 | 92.00 | 97.00 | OK | |
r-patched-linux-x86_64 | OK | |||||
r-release-linux-x86_64 | 0.1.1 | 3.33 | 157.40 | 160.73 | OK | |
r-release-macos-arm64 | 0.1.1 | 66.00 | OK | |||
r-release-macos-x86_64 | 0.1.1 | 98.00 | OK | |||
r-release-windows-x86_64 | 0.1.1 | 5.00 | 93.00 | 98.00 | OK | |
r-oldrel-macos-arm64 | 0.1.1 | 38.00 | OK | |||
r-oldrel-macos-x86_64 | 0.1.1 | 92.00 | OK | |||
r-oldrel-windows-x86_64 | 0.1.1 | 5.00 | 103.00 | 108.00 | OK |
Version: 0.1.1
Check: CRAN incoming feasibility
Result: NOTE
Maintainer: ‘Melina Ribaud <melina.ribaud@gmail.com>’
No Authors@R field in DESCRIPTION.
Please add one, modifying
Authors@R: person(given = "Melina",
family = "Ribaud",
role = c("aut", "cre"),
email = "melina.ribaud@gmail.com")
as necessary.
Flavors: r-devel-linux-x86_64-debian-clang, r-devel-linux-x86_64-debian-gcc
These binaries (installable software) and packages are in development.
They may not be fully stable and should be used with caution. We make no claims about them.