Last updated on 2025-05-01 08:52:50 CEST.
Flavor | Version | Tinstall | Tcheck | Ttotal | Status | Flags |
---|---|---|---|---|---|---|
r-devel-linux-x86_64-debian-clang | 0.2.0 | 9.04 | 76.39 | 85.43 | NOTE | |
r-devel-linux-x86_64-debian-gcc | 0.2.0 | 6.32 | 56.22 | 62.54 | OK | |
r-devel-linux-x86_64-fedora-clang | 0.2.0 | 141.18 | OK | |||
r-devel-linux-x86_64-fedora-gcc | 0.2.0 | 151.94 | OK | |||
r-devel-windows-x86_64 | 0.2.0 | 9.00 | 165.00 | 174.00 | OK | |
r-patched-linux-x86_64 | 0.2.0 | 8.89 | 73.47 | 82.36 | OK | |
r-release-linux-x86_64 | OK | |||||
r-release-macos-arm64 | 0.2.0 | 101.00 | OK | |||
r-release-macos-x86_64 | 0.2.0 | 205.00 | OK | |||
r-release-windows-x86_64 | 0.2.0 | 10.00 | 163.00 | 173.00 | OK | |
r-oldrel-macos-arm64 | 0.2.0 | 85.00 | OK | |||
r-oldrel-macos-x86_64 | 0.2.0 | 140.00 | OK | |||
r-oldrel-windows-x86_64 | 0.2.0 | 12.00 | 228.00 | 240.00 | OK |
Version: 0.2.0
Check: examples
Result: NOTE
Examples with CPU (user + system) or elapsed time > 5s
user system elapsed
plotZLA 1.321 0.008 12.005
testZLA 0.217 0.001 10.167
Flavor: r-devel-linux-x86_64-debian-clang
Version: 0.2.0
Check: examples
Result: NA
user system elapsed
plotZLA 0.916 0.045 7.133
testZLA 0.160 0.007 5.470
OK
Flavor: r-devel-linux-x86_64-debian-gcc
These binaries (installable software) and packages are in development.
They may not be fully stable and should be used with caution. We make no claims about them.