Last updated on 2025-05-03 22:49:47 CEST.
Flavor | Version | Tinstall | Tcheck | Ttotal | Status | Flags |
---|---|---|---|---|---|---|
r-devel-linux-x86_64-debian-clang | 1.0 | 27.74 | 300.36 | 328.10 | NOTE | |
r-devel-linux-x86_64-debian-gcc | 1.0 | 23.56 | 216.41 | 239.97 | NOTE | |
r-devel-linux-x86_64-fedora-clang | 1.0 | 570.57 | OK | |||
r-devel-linux-x86_64-fedora-gcc | 1.0 | 519.25 | OK | |||
r-devel-windows-x86_64 | 1.0 | 33.00 | 258.00 | 291.00 | OK | |
r-patched-linux-x86_64 | 1.0 | 27.81 | 282.53 | 310.34 | OK | |
r-release-linux-x86_64 | OK | |||||
r-release-macos-arm64 | 1.0 | 149.00 | OK | |||
r-release-macos-x86_64 | 1.0 | 295.00 | OK | |||
r-release-windows-x86_64 | 1.0 | 33.00 | 248.00 | 281.00 | OK | |
r-oldrel-macos-arm64 | 1.0 | 128.00 | OK | |||
r-oldrel-macos-x86_64 | 1.0 | 207.00 | OK | |||
r-oldrel-windows-x86_64 | 1.0 | 44.00 | 336.00 | 380.00 | OK |
Version: 1.0
Check: CRAN incoming feasibility
Result: NOTE
Maintainer: ‘Greg Gloor <ggloor@uwo.ca>’
No Authors@R field in DESCRIPTION.
Please add one, modifying
Authors@R: person(given = "Greg",
family = "Gloor",
role = c("aut", "cre"),
email = "ggloor@uwo.ca")
as necessary.
Flavors: r-devel-linux-x86_64-debian-clang, r-devel-linux-x86_64-debian-gcc
These binaries (installable software) and packages are in development.
They may not be fully stable and should be used with caution. We make no claims about them.