Last updated on 2025-05-01 12:49:22 CEST.
Flavor | Version | Tinstall | Tcheck | Ttotal | Status | Flags |
---|---|---|---|---|---|---|
r-devel-linux-x86_64-debian-clang | 1.1.2 | 5.33 | 30.05 | 35.38 | NOTE | |
r-devel-linux-x86_64-debian-gcc | 1.1.2 | 3.29 | 22.43 | 25.72 | NOTE | |
r-devel-linux-x86_64-fedora-clang | 1.1.2 | 55.57 | NOTE | |||
r-devel-linux-x86_64-fedora-gcc | 1.1.2 | 53.43 | NOTE | |||
r-devel-windows-x86_64 | 1.1.2 | 8.00 | 51.00 | 59.00 | NOTE | |
r-patched-linux-x86_64 | 1.1.2 | 5.06 | 28.52 | 33.58 | NOTE | |
r-release-linux-x86_64 | NOTE | |||||
r-release-macos-arm64 | 1.1.2 | 19.00 | NOTE | |||
r-release-macos-x86_64 | 1.1.2 | 33.00 | NOTE | |||
r-release-windows-x86_64 | 1.1.2 | 8.00 | 50.00 | 58.00 | NOTE | |
r-oldrel-macos-arm64 | 1.1.2 | 20.00 | NOTE | |||
r-oldrel-macos-x86_64 | 1.1.2 | 33.00 | NOTE | |||
r-oldrel-windows-x86_64 | 1.1.2 | 9.00 | 54.00 | 63.00 | NOTE |
Version: 1.1.2
Check: Rd files
Result: NOTE
checkRd: (-1) aMNLFA.prune.Rd:15: Lost braces in \itemize; \value handles \item{}{} directly
checkRd: (-1) aMNLFA.prune.Rd:16: Lost braces in \itemize; \value handles \item{}{} directly
checkRd: (-1) aMNLFA.prune.Rd:17: Lost braces in \itemize; \value handles \item{}{} directly
checkRd: (-1) aMNLFA.prune.Rd:18: Lost braces in \itemize; \value handles \item{}{} directly
checkRd: (-1) aMNLFA.prune.Rd:19: Lost braces in \itemize; \value handles \item{}{} directly
checkRd: (-1) aMNLFA.prune.Rd:20: Lost braces in \itemize; \value handles \item{}{} directly
checkRd: (-1) aMNLFA.prune.Rd:21: Lost braces in \itemize; \value handles \item{}{} directly
checkRd: (-1) aMNLFA.prune.Rd:22: Lost braces in \itemize; \value handles \item{}{} directly
Flavors: r-devel-linux-x86_64-debian-clang, r-devel-linux-x86_64-debian-gcc, r-devel-linux-x86_64-fedora-clang, r-devel-linux-x86_64-fedora-gcc, r-devel-windows-x86_64, r-patched-linux-x86_64, r-release-linux-x86_64, r-release-macos-arm64, r-release-macos-x86_64, r-release-windows-x86_64, r-oldrel-macos-arm64, r-oldrel-macos-x86_64, r-oldrel-windows-x86_64
Version: 1.1.2
Check: dependencies in R code
Result: NOTE
Namespaces in Imports field not imported from:
‘devtools’ ‘dplyr’ ‘gridExtra’
All declared Imports should be used.
Flavors: r-devel-linux-x86_64-fedora-clang, r-devel-linux-x86_64-fedora-gcc
These binaries (installable software) and packages are in development.
They may not be fully stable and should be used with caution. We make no claims about them.