CRAN Package Check Results for Package aMNLFA

Last updated on 2025-11-13 15:51:03 CET.

Flavor Version Tinstall Tcheck Ttotal Status Flags
r-devel-linux-x86_64-debian-clang 1.1.2 4.95 32.17 37.12 NOTE
r-devel-linux-x86_64-debian-gcc 1.1.2 3.17 23.48 26.65 NOTE
r-devel-linux-x86_64-fedora-clang 1.1.2 11.00 45.73 56.73 NOTE
r-devel-linux-x86_64-fedora-gcc 1.1.2 13.00 41.09 54.09 NOTE
r-devel-windows-x86_64 1.1.2 7.00 50.00 57.00 NOTE
r-patched-linux-x86_64 1.1.2 5.19 30.38 35.57 NOTE
r-release-linux-x86_64 1.1.2 5.16 30.53 35.69 NOTE
r-release-macos-arm64 1.1.2 2.00 17.00 19.00 NOTE
r-release-macos-x86_64 1.1.2 4.00 29.00 33.00 NOTE
r-release-windows-x86_64 1.1.2 8.00 47.00 55.00 NOTE
r-oldrel-macos-arm64 1.1.2 2.00 18.00 20.00 NOTE
r-oldrel-macos-x86_64 1.1.2 5.00 28.00 33.00 NOTE
r-oldrel-windows-x86_64 1.1.2 11.00 59.00 70.00 NOTE

Check Details

Version: 1.1.2
Check: Rd files
Result: NOTE checkRd: (-1) aMNLFA.prune.Rd:15: Lost braces in \itemize; \value handles \item{}{} directly checkRd: (-1) aMNLFA.prune.Rd:16: Lost braces in \itemize; \value handles \item{}{} directly checkRd: (-1) aMNLFA.prune.Rd:17: Lost braces in \itemize; \value handles \item{}{} directly checkRd: (-1) aMNLFA.prune.Rd:18: Lost braces in \itemize; \value handles \item{}{} directly checkRd: (-1) aMNLFA.prune.Rd:19: Lost braces in \itemize; \value handles \item{}{} directly checkRd: (-1) aMNLFA.prune.Rd:20: Lost braces in \itemize; \value handles \item{}{} directly checkRd: (-1) aMNLFA.prune.Rd:21: Lost braces in \itemize; \value handles \item{}{} directly checkRd: (-1) aMNLFA.prune.Rd:22: Lost braces in \itemize; \value handles \item{}{} directly Flavors: r-devel-linux-x86_64-debian-clang, r-devel-linux-x86_64-debian-gcc, r-devel-linux-x86_64-fedora-clang, r-devel-linux-x86_64-fedora-gcc, r-devel-windows-x86_64, r-patched-linux-x86_64, r-release-linux-x86_64, r-release-macos-arm64, r-release-macos-x86_64, r-release-windows-x86_64, r-oldrel-macos-arm64, r-oldrel-macos-x86_64, r-oldrel-windows-x86_64

Version: 1.1.2
Check: dependencies in R code
Result: NOTE Namespaces in Imports field not imported from: ‘devtools’ ‘dplyr’ ‘gridExtra’ All declared Imports should be used. Flavors: r-devel-linux-x86_64-fedora-clang, r-devel-linux-x86_64-fedora-gcc

These binaries (installable software) and packages are in development.
They may not be fully stable and should be used with caution. We make no claims about them.