Last updated on 2025-07-02 03:50:36 CEST.
Flavor | Version | Tinstall | Tcheck | Ttotal | Status | Flags |
---|---|---|---|---|---|---|
r-devel-linux-x86_64-debian-clang | 1.3 | 10.51 | 76.98 | 87.49 | NOTE | |
r-devel-linux-x86_64-debian-gcc | 1.3 | 7.11 | 58.31 | 65.42 | NOTE | |
r-devel-linux-x86_64-fedora-clang | 1.3 | 134.50 | OK | |||
r-devel-linux-x86_64-fedora-gcc | 1.3 | 128.11 | OK | |||
r-devel-windows-x86_64 | 1.3 | 11.00 | 83.00 | 94.00 | OK | |
r-patched-linux-x86_64 | OK | |||||
r-release-linux-x86_64 | 1.3 | 9.59 | 71.46 | 81.05 | OK | |
r-release-macos-arm64 | 1.3 | 38.00 | OK | |||
r-release-macos-x86_64 | 1.3 | 65.00 | OK | |||
r-release-windows-x86_64 | 1.3 | 11.00 | 82.00 | 93.00 | OK | |
r-oldrel-macos-arm64 | 1.3 | 37.00 | OK | |||
r-oldrel-macos-x86_64 | 1.3 | 53.00 | OK | |||
r-oldrel-windows-x86_64 | 1.3 | 14.00 | 107.00 | 121.00 | OK |
Version: 1.3
Check: CRAN incoming feasibility
Result: NOTE
Maintainer: ‘Yushu Shi <shiyushu2006@gmail.com>’
No Authors@R field in DESCRIPTION.
Please add one, modifying
Authors@R: person(given = "Yushu",
family = "Shi",
role = c("aut", "cre"),
email = "shiyushu2006@gmail.com")
as necessary.
Flavors: r-devel-linux-x86_64-debian-clang, r-devel-linux-x86_64-debian-gcc
These binaries (installable software) and packages are in development.
They may not be fully stable and should be used with caution. We make no claims about them.