Last updated on 2025-02-16 10:50:41 CET.
Flavor | Version | Tinstall | Tcheck | Ttotal | Status | Flags |
---|---|---|---|---|---|---|
r-devel-linux-x86_64-debian-clang | 1.0.0 | 162.80 | 107.02 | 269.82 | OK | |
r-devel-linux-x86_64-debian-gcc | 1.0.0 | 112.47 | 71.86 | 184.33 | OK | |
r-devel-linux-x86_64-fedora-clang | 1.0.0 | 552.95 | OK | |||
r-devel-linux-x86_64-fedora-gcc | 1.0.0 | 531.30 | OK | |||
r-devel-macos-arm64 | 1.0.0 | 128.00 | OK | |||
r-devel-macos-x86_64 | 1.0.0 | 196.00 | OK | |||
r-devel-windows-x86_64 | 1.0.0 | 171.00 | 152.00 | 323.00 | OK | |
r-patched-linux-x86_64 | 1.0.0 | 156.62 | 96.04 | 252.66 | OK | |
r-release-linux-x86_64 | 1.0.0 | 151.09 | 97.09 | 248.18 | OK | |
r-release-macos-arm64 | 1.0.0 | 122.00 | NOTE | |||
r-release-macos-x86_64 | 1.0.0 | 143.00 | NOTE | |||
r-release-windows-x86_64 | 1.0.0 | 178.00 | 153.00 | 331.00 | OK | |
r-oldrel-macos-arm64 | 1.0.0 | 118.00 | NOTE | |||
r-oldrel-macos-x86_64 | 1.0.0 | 137.00 | NOTE | |||
r-oldrel-windows-x86_64 | 1.0.0 | 209.00 | 184.00 | 393.00 | OK |
Version: 1.0.0
Check: installed package size
Result: NOTE
installed size is 7.1Mb
sub-directories of 1Mb or more:
libs 6.0Mb
Flavors: r-release-macos-arm64, r-release-macos-x86_64, r-oldrel-macos-arm64, r-oldrel-macos-x86_64
These binaries (installable software) and packages are in development.
They may not be fully stable and should be used with caution. We make no claims about them.