Last updated on 2025-11-12 19:51:41 CET.
| Flavor | Version | Tinstall | Tcheck | Ttotal | Status | Flags |
|---|---|---|---|---|---|---|
| r-devel-linux-x86_64-debian-clang | 1.0.1 | 182.52 | 152.97 | 335.49 | OK | |
| r-devel-linux-x86_64-debian-gcc | 1.0.1 | 103.40 | 89.54 | 192.94 | OK | |
| r-devel-linux-x86_64-fedora-clang | 1.0.1 | 333.00 | 285.36 | 618.36 | OK | |
| r-devel-linux-x86_64-fedora-gcc | 1.0.1 | 209.00 | 324.69 | 533.69 | OK | |
| r-devel-windows-x86_64 | 1.0.1 | 209.00 | 180.00 | 389.00 | OK | |
| r-patched-linux-x86_64 | 1.0.1 | 172.46 | 139.21 | 311.67 | OK | |
| r-release-linux-x86_64 | 1.0.1 | 167.89 | 138.64 | 306.53 | OK | |
| r-release-macos-arm64 | 1.0.1 | 57.00 | 68.00 | 125.00 | OK | |
| r-release-macos-x86_64 | 1.0.1 | 49.00 | 141.00 | 190.00 | OK | |
| r-release-windows-x86_64 | 1.0.1 | 203.00 | 177.00 | 380.00 | OK | |
| r-oldrel-macos-arm64 | 1.0.1 | 48.00 | 78.00 | 126.00 | NOTE | |
| r-oldrel-macos-x86_64 | 1.0.1 | 48.00 | 147.00 | 195.00 | NOTE | |
| r-oldrel-windows-x86_64 | 1.0.1 | 236.00 | 233.00 | 469.00 | OK |
Version: 1.0.1
Check: installed package size
Result: NOTE
installed size is 7.2Mb
sub-directories of 1Mb or more:
libs 6.1Mb
Flavors: r-oldrel-macos-arm64, r-oldrel-macos-x86_64
These binaries (installable software) and packages are in development.
They may not be fully stable and should be used with caution. We make no claims about them.