Last updated on 2024-07-27 15:50:11 CEST.
Flavor | Version | Tinstall | Tcheck | Ttotal | Status | Flags |
---|---|---|---|---|---|---|
r-devel-linux-x86_64-debian-clang | 0.2.4 | 226.16 | 140.60 | 366.76 | OK | |
r-devel-linux-x86_64-debian-gcc | 0.2.4 | OK | ||||
r-devel-linux-x86_64-fedora-clang | 0.2.4 | 653.43 | OK | |||
r-devel-linux-x86_64-fedora-gcc | 0.2.4 | 515.97 | OK | |||
r-devel-windows-x86_64 | 0.2.4 | 179.00 | 156.00 | 335.00 | OK | |
r-patched-linux-x86_64 | 0.2.4 | OK | ||||
r-release-linux-x86_64 | 0.2.4 | 177.78 | 133.59 | 311.37 | OK | |
r-release-macos-arm64 | 0.2.4 | 131.00 | NOTE | |||
r-release-macos-x86_64 | 0.2.4 | 138.00 | NOTE | |||
r-release-windows-x86_64 | 0.2.4 | 230.00 | 150.00 | 380.00 | OK | |
r-oldrel-macos-arm64 | 0.2.4 | 133.00 | NOTE | |||
r-oldrel-macos-x86_64 | 0.2.4 | 152.00 | NOTE | |||
r-oldrel-windows-x86_64 | 0.2.4 | 210.00 | 188.00 | 398.00 | OK |
Version: 0.2.4
Check: installed package size
Result: NOTE
installed size is 5.8Mb
sub-directories of 1Mb or more:
libs 5.3Mb
Flavors: r-release-macos-arm64, r-release-macos-x86_64, r-oldrel-macos-arm64, r-oldrel-macos-x86_64
These binaries (installable software) and packages are in development.
They may not be fully stable and should be used with caution. We make no claims about them.