Last updated on 2025-11-13 19:50:18 CET.
| Flavor | Version | Tinstall | Tcheck | Ttotal | Status | Flags |
|---|---|---|---|---|---|---|
| r-devel-linux-x86_64-debian-clang | 0.12 | 1.88 | 31.23 | 33.11 | OK | |
| r-devel-linux-x86_64-debian-gcc | 0.12 | 1.59 | 22.71 | 24.30 | ERROR | |
| r-devel-linux-x86_64-fedora-clang | 0.12 | 49.99 | ERROR | |||
| r-devel-linux-x86_64-fedora-gcc | 0.12 | 59.44 | ERROR | |||
| r-devel-windows-x86_64 | 0.12 | 4.00 | 67.00 | 71.00 | OK | |
| r-patched-linux-x86_64 | 0.12 | 2.08 | 25.50 | 27.58 | ERROR | |
| r-release-linux-x86_64 | 0.12 | 2.04 | 28.08 | 30.12 | OK | |
| r-release-macos-arm64 | 0.12 | 1.00 | 35.00 | 36.00 | OK | |
| r-release-macos-x86_64 | 0.12 | 2.00 | 53.00 | 55.00 | OK | |
| r-release-windows-x86_64 | 0.12 | 4.00 | 63.00 | 67.00 | OK | |
| r-oldrel-macos-arm64 | 0.12 | 1.00 | 51.00 | 52.00 | OK | |
| r-oldrel-macos-x86_64 | 0.12 | 2.00 | 61.00 | 63.00 | OK | |
| r-oldrel-windows-x86_64 | 0.12 | 5.00 | 72.00 | 77.00 | OK |
Version: 0.12
Check: re-building of vignette outputs
Result: ERROR
Error(s) in re-building vignettes:
...
--- re-building ‘aRxiv.Rmd’ using rmarkdown
Quitting from aRxiv.Rmd:67-70 [arxiv_count]
~~~~~~~~~~~~~~~~~~~~~~~~~~~~~~~~~~~~~~~~~~~~~~~~~~~~~~~~~~~~~~~~~~~~~~~~~~~~~~~~
<error/rlang_error>
Error in `arxiv_count()`:
! arXiv error: The server encountered an internal error and was unable to complete your request. Either the server is overloaded or there is an error in the application.
---
Backtrace:
▆
1. └─aRxiv::arxiv_count("au:\"Peter Hall\"")
~~~~~~~~~~~~~~~~~~~~~~~~~~~~~~~~~~~~~~~~~~~~~~~~~~~~~~~~~~~~~~~~~~~~~~~~~~~~~~~~
Error: processing vignette 'aRxiv.Rmd' failed with diagnostics:
arXiv error: The server encountered an internal error and was unable to complete your request. Either the server is overloaded or there is an error in the application.
--- failed re-building ‘aRxiv.Rmd’
SUMMARY: processing the following file failed:
‘aRxiv.Rmd’
Error: Vignette re-building failed.
Execution halted
Flavors: r-devel-linux-x86_64-debian-gcc, r-patched-linux-x86_64
Version: 0.12
Check: re-building of vignette outputs
Result: ERROR
Error(s) in re-building vignettes:
--- re-building ‘aRxiv.Rmd’ using rmarkdown
Error in curl::curl_fetch_memory(url, handle = handle) :
Timeout was reached [export.arxiv.org]:
Operation timed out after 1009 milliseconds with 0 bytes received
Quitting from aRxiv.Rmd:168-173 [illustrate_AND]
~~~~~~~~~~~~~~~~~~~~~~~~~~~~~~~~~~~~~~~~~~~~~~~~~~~~~~~~~~~~~~~~~~~~~~~~~~~~~~~~
<error/rlang_error>
Error:
! XML content does not seem to be XML: ''
---
Backtrace:
▆
1. └─aRxiv::arxiv_count("au:Peter au:Hall")
2. └─aRxiv:::result2list(search_result)
3. └─XML::xmlParse(httr::content(searchresult, "text"), asText = TRUE)
~~~~~~~~~~~~~~~~~~~~~~~~~~~~~~~~~~~~~~~~~~~~~~~~~~~~~~~~~~~~~~~~~~~~~~~~~~~~~~~~
Error: processing vignette 'aRxiv.Rmd' failed with diagnostics:
XML content does not seem to be XML: ''
--- failed re-building ‘aRxiv.Rmd’
SUMMARY: processing the following file failed:
‘aRxiv.Rmd’
Error: Vignette re-building failed.
Execution halted
Flavor: r-devel-linux-x86_64-fedora-clang
Version: 0.12
Check: re-building of vignette outputs
Result: ERROR
Error(s) in re-building vignettes:
--- re-building ‘aRxiv.Rmd’ using rmarkdown
Quitting from aRxiv.Rmd:67-70 [arxiv_count]
~~~~~~~~~~~~~~~~~~~~~~~~~~~~~~~~~~~~~~~~~~~~~~~~~~~~~~~~~~~~~~~~~~~~~~~~~~~~~~~~
<error/rlang_error>
Error in `arxiv_count()`:
! arXiv error: The server encountered an internal error and was unable to complete your request. Either the server is overloaded or there is an error in the application.
---
Backtrace:
▆
1. └─aRxiv::arxiv_count("au:\"Peter Hall\"")
~~~~~~~~~~~~~~~~~~~~~~~~~~~~~~~~~~~~~~~~~~~~~~~~~~~~~~~~~~~~~~~~~~~~~~~~~~~~~~~~
Error: processing vignette 'aRxiv.Rmd' failed with diagnostics:
arXiv error: The server encountered an internal error and was unable to complete your request. Either the server is overloaded or there is an error in the application.
--- failed re-building ‘aRxiv.Rmd’
SUMMARY: processing the following file failed:
‘aRxiv.Rmd’
Error: Vignette re-building failed.
Execution halted
Flavor: r-devel-linux-x86_64-fedora-gcc
These binaries (installable software) and packages are in development.
They may not be fully stable and should be used with caution. We make no claims about them.