Last updated on 2025-10-04 11:50:26 CEST.
Flavor | Version | Tinstall | Tcheck | Ttotal | Status | Flags |
---|---|---|---|---|---|---|
r-devel-linux-x86_64-debian-clang | 1.50 | 8.98 | 86.81 | 95.79 | NOTE | |
r-devel-linux-x86_64-debian-gcc | 1.50 | 6.44 | 60.29 | 66.73 | NOTE | |
r-devel-linux-x86_64-fedora-clang | 1.50 | 150.95 | OK | |||
r-devel-linux-x86_64-fedora-gcc | 1.50 | 169.86 | OK | |||
r-devel-windows-x86_64 | 1.50 | 10.00 | 98.00 | 108.00 | OK | |
r-patched-linux-x86_64 | 1.50 | 9.59 | 79.45 | 89.04 | OK | |
r-release-linux-x86_64 | 1.50 | 8.88 | 81.01 | 89.89 | OK | |
r-release-macos-arm64 | 1.50 | 58.00 | OK | |||
r-release-macos-x86_64 | 1.50 | 113.00 | OK | |||
r-release-windows-x86_64 | 1.50 | 11.00 | 97.00 | 108.00 | OK | |
r-oldrel-macos-arm64 | 1.50 | 46.00 | OK | |||
r-oldrel-macos-x86_64 | 1.50 | 82.00 | OK | |||
r-oldrel-windows-x86_64 | 1.50 | 14.00 | 120.00 | 134.00 | OK |
Version: 1.50
Check: CRAN incoming feasibility
Result: NOTE
Maintainer: ‘Il-Youp Kwak <ikwak2@cau.ac.kr>’
No Authors@R field in DESCRIPTION.
Please add one, modifying
Authors@R: c(person(given = "Il-Youp",
family = "Kwak",
role = c("aut", "cre"),
email = "ikwak2@cau.ac.kr"),
person(given = c("others", "in", "each", "function"),
family = "manual)",
role = "aut",
comment = "s"))
as necessary.
Flavors: r-devel-linux-x86_64-debian-clang, r-devel-linux-x86_64-debian-gcc
These binaries (installable software) and packages are in development.
They may not be fully stable and should be used with caution. We make no claims about them.