Last updated on 2025-11-11 15:50:26 CET.
| Flavor | Version | Tinstall | Tcheck | Ttotal | Status | Flags |
|---|---|---|---|---|---|---|
| r-devel-linux-x86_64-debian-clang | 1.0.3 | 1.81 | 22.67 | 24.48 | OK | |
| r-devel-linux-x86_64-debian-gcc | 1.0.3 | 1.29 | 17.59 | 18.88 | OK | |
| r-devel-linux-x86_64-fedora-clang | 1.0.3 | 36.82 | OK | |||
| r-devel-linux-x86_64-fedora-gcc | 1.0.3 | 36.73 | OK | |||
| r-devel-windows-x86_64 | 1.0.3 | 3.00 | 41.00 | 44.00 | OK | |
| r-patched-linux-x86_64 | 1.0.3 | 1.97 | 21.41 | 23.38 | OK | |
| r-release-linux-x86_64 | 1.0.3 | 1.60 | 21.32 | 22.92 | OK | |
| r-release-macos-arm64 | 1.0.3 | 1.00 | 18.00 | 19.00 | OK | |
| r-release-macos-x86_64 | 1.0.3 | 2.00 | 27.00 | 29.00 | OK | |
| r-release-windows-x86_64 | 1.0.3 | 3.00 | 39.00 | 42.00 | OK | |
| r-oldrel-macos-arm64 | 1.0.3 | 1.00 | 14.00 | 15.00 | NOTE | |
| r-oldrel-macos-x86_64 | 1.0.3 | 2.00 | 23.00 | 25.00 | NOTE | |
| r-oldrel-windows-x86_64 | 1.0.3 | 4.00 | 41.00 | 45.00 | NOTE |
Version: 1.0.3
Check: LazyData
Result: NOTE
'LazyData' is specified without a 'data' directory
Flavors: r-oldrel-macos-arm64, r-oldrel-macos-x86_64, r-oldrel-windows-x86_64
These binaries (installable software) and packages are in development.
They may not be fully stable and should be used with caution. We make no claims about them.