CRAN Package Check Results for Package abcrlda

Last updated on 2025-10-10 01:48:58 CEST.

Flavor Version Tinstall Tcheck Ttotal Status Flags
r-devel-linux-x86_64-debian-clang 1.0.3 1.94 22.91 24.85 OK
r-devel-linux-x86_64-debian-gcc 1.0.3 1.50 17.94 19.44 OK
r-devel-linux-x86_64-fedora-clang 1.0.3 35.54 OK
r-devel-linux-x86_64-fedora-gcc 1.0.3 34.81 OK
r-devel-windows-x86_64 1.0.3 3.00 41.00 44.00 OK
r-patched-linux-x86_64 1.0.3 1.89 21.39 23.28 OK
r-release-linux-x86_64 1.0.3 1.52 21.20 22.72 OK
r-release-macos-arm64 1.0.3 19.00 OK
r-release-macos-x86_64 1.0.3 29.00 OK
r-release-windows-x86_64 1.0.3 3.00 45.00 48.00 OK
r-oldrel-macos-arm64 1.0.3 15.00 NOTE
r-oldrel-macos-x86_64 1.0.3 25.00 NOTE
r-oldrel-windows-x86_64 1.0.3 4.00 41.00 45.00 NOTE

Check Details

Version: 1.0.3
Check: LazyData
Result: NOTE 'LazyData' is specified without a 'data' directory Flavors: r-oldrel-macos-arm64, r-oldrel-macos-x86_64, r-oldrel-windows-x86_64

These binaries (installable software) and packages are in development.
They may not be fully stable and should be used with caution. We make no claims about them.