CRAN Package Check Results for Package abcrlda

Last updated on 2025-02-16 10:50:41 CET.

Flavor Version Tinstall Tcheck Ttotal Status Flags
r-devel-linux-x86_64-debian-clang 1.0.3 1.63 20.44 22.07 OK
r-devel-linux-x86_64-debian-gcc 1.0.3 1.29 16.15 17.44 OK
r-devel-linux-x86_64-fedora-clang 1.0.3 37.27 OK
r-devel-linux-x86_64-fedora-gcc 1.0.3 34.68 OK
r-devel-macos-arm64 1.0.3 20.00 OK
r-devel-macos-x86_64 1.0.3 35.00 OK
r-devel-windows-x86_64 1.0.3 3.00 41.00 44.00 OK
r-patched-linux-x86_64 1.0.3 1.85 19.54 21.39 NOTE
r-release-linux-x86_64 1.0.3 1.46 19.52 20.98 NOTE
r-release-macos-arm64 1.0.3 15.00 NOTE
r-release-macos-x86_64 1.0.3 25.00 NOTE
r-release-windows-x86_64 1.0.3 4.00 41.00 45.00 NOTE
r-oldrel-macos-arm64 1.0.3 16.00 NOTE
r-oldrel-macos-x86_64 1.0.3 21.00 NOTE
r-oldrel-windows-x86_64 1.0.3 6.00 42.00 48.00 NOTE

Check Details

Version: 1.0.3
Check: LazyData
Result: NOTE 'LazyData' is specified without a 'data' directory Flavors: r-patched-linux-x86_64, r-release-linux-x86_64, r-release-macos-arm64, r-release-macos-x86_64, r-release-windows-x86_64, r-oldrel-macos-arm64, r-oldrel-macos-x86_64, r-oldrel-windows-x86_64

These binaries (installable software) and packages are in development.
They may not be fully stable and should be used with caution. We make no claims about them.