CRAN Package Check Results for Package abe

Last updated on 2025-02-16 10:50:41 CET.

Flavor Version Tinstall Tcheck Ttotal Status Flags
r-devel-linux-x86_64-debian-clang 3.0.1 5.76 41.09 46.85 NOTE
r-devel-linux-x86_64-debian-gcc 3.0.1 3.36 27.76 31.12 NOTE
r-devel-linux-x86_64-fedora-clang 3.0.1 79.90 OK
r-devel-linux-x86_64-fedora-gcc 3.0.1 71.43 OK
r-devel-macos-arm64 3.0.1 23.00 OK
r-devel-macos-x86_64 3.0.1 41.00 OK
r-devel-windows-x86_64 3.0.1 7.00 54.00 61.00 NOTE
r-patched-linux-x86_64 3.0.1 4.75 39.29 44.04 OK
r-release-linux-x86_64 3.0.1 4.08 38.24 42.32 OK
r-release-macos-arm64 3.0.1 27.00 OK
r-release-macos-x86_64 3.0.1 32.00 OK
r-release-windows-x86_64 3.0.1 6.00 53.00 59.00 OK
r-oldrel-macos-arm64 3.0.1 28.00 OK
r-oldrel-macos-x86_64 3.0.1 36.00 OK
r-oldrel-windows-x86_64 3.0.1 9.00 59.00 68.00 OK

Check Details

Version: 3.0.1
Check: Rd cross-references
Result: NOTE Found the following Rd file(s) with Rd \link{} targets missing package anchors: abe.Rd: coxph Please provide package anchors for all Rd \link{} targets not in the package itself and the base packages. Flavors: r-devel-linux-x86_64-debian-clang, r-devel-linux-x86_64-debian-gcc, r-devel-windows-x86_64

These binaries (installable software) and packages are in development.
They may not be fully stable and should be used with caution. We make no claims about them.