Last updated on 2025-05-01 08:52:26 CEST.
Flavor | Version | Tinstall | Tcheck | Ttotal | Status | Flags |
---|---|---|---|---|---|---|
r-devel-linux-x86_64-debian-clang | 0.4.10 | 206.64 | 89.81 | 296.45 | OK | |
r-devel-linux-x86_64-debian-gcc | 0.4.10 | 179.67 | 76.71 | 256.38 | OK | |
r-devel-linux-x86_64-fedora-clang | 0.4.10 | 595.86 | OK | |||
r-devel-linux-x86_64-fedora-gcc | 0.4.10 | 593.75 | OK | |||
r-devel-windows-x86_64 | 0.4.10 | 210.00 | 140.00 | 350.00 | OK | |
r-patched-linux-x86_64 | 0.4.10 | 233.60 | 97.93 | 331.53 | OK | |
r-release-linux-x86_64 | OK | |||||
r-release-macos-arm64 | 0.4.10 | 147.00 | OK | |||
r-release-macos-x86_64 | 0.4.10 | 319.00 | OK | |||
r-release-windows-x86_64 | 0.4.10 | 205.00 | 145.00 | 350.00 | OK | |
r-oldrel-macos-arm64 | 0.4.10 | 146.00 | NOTE | |||
r-oldrel-macos-x86_64 | 0.4.10 | 327.00 | NOTE | |||
r-oldrel-windows-x86_64 | 0.4.10 | 225.00 | 165.00 | 390.00 | OK |
Version: 0.4.10
Check: installed package size
Result: NOTE
installed size is 107.0Mb
sub-directories of 1Mb or more:
libs 106.0Mb
Flavors: r-oldrel-macos-arm64, r-oldrel-macos-x86_64
These binaries (installable software) and packages are in development.
They may not be fully stable and should be used with caution. We make no claims about them.