Last updated on 2025-11-13 03:50:54 CET.
| Flavor | Version | Tinstall | Tcheck | Ttotal | Status | Flags |
|---|---|---|---|---|---|---|
| r-devel-linux-x86_64-debian-clang | 0.4.10 | 207.68 | 92.37 | 300.05 | OK | |
| r-devel-linux-x86_64-debian-gcc | 0.4.10 | 183.14 | 76.61 | 259.75 | OK | |
| r-devel-linux-x86_64-fedora-clang | 0.4.10 | 366.00 | 83.55 | 449.55 | OK | |
| r-devel-linux-x86_64-fedora-gcc | 0.4.10 | 492.00 | 86.56 | 578.56 | OK | |
| r-devel-windows-x86_64 | 0.4.10 | 208.00 | 129.00 | 337.00 | OK | |
| r-patched-linux-x86_64 | 0.4.10 | 234.60 | 102.17 | 336.77 | OK | |
| r-release-linux-x86_64 | 0.4.10 | 241.78 | 102.15 | 343.93 | OK | |
| r-release-macos-arm64 | 0.4.10 | 101.00 | 46.00 | 147.00 | OK | |
| r-release-macos-x86_64 | 0.4.10 | 199.00 | 120.00 | 319.00 | OK | |
| r-release-windows-x86_64 | 0.4.10 | 210.00 | 133.00 | 343.00 | OK | |
| r-oldrel-macos-arm64 | 0.4.10 | 90.00 | 56.00 | 146.00 | NOTE | |
| r-oldrel-macos-x86_64 | 0.4.10 | 225.00 | 102.00 | 327.00 | NOTE | |
| r-oldrel-windows-x86_64 | 0.4.10 | 247.00 | 167.00 | 414.00 | OK |
Version: 0.4.10
Check: installed package size
Result: NOTE
installed size is 107.0Mb
sub-directories of 1Mb or more:
libs 106.0Mb
Flavors: r-oldrel-macos-arm64, r-oldrel-macos-x86_64
These binaries (installable software) and packages are in development.
They may not be fully stable and should be used with caution. We make no claims about them.