CRAN Package Check Results for Package abglasso

Last updated on 2025-05-23 01:50:48 CEST.

Flavor Version Tinstall Tcheck Ttotal Status Flags
r-devel-linux-x86_64-debian-clang 0.1.1 1.57 18.33 19.90 OK
r-devel-linux-x86_64-debian-gcc 0.1.1 1.41 15.34 16.75 OK
r-devel-linux-x86_64-fedora-clang 0.1.1 31.78 NOTE
r-devel-linux-x86_64-fedora-gcc 0.1.1 32.03 NOTE
r-devel-windows-x86_64 0.1.1 3.00 67.00 70.00 OK
r-patched-linux-x86_64 0.1.1 1.56 17.76 19.32 OK
r-release-linux-x86_64 0.1.1 1.47 17.70 19.17 OK
r-release-macos-arm64 0.1.1 17.00 OK
r-release-macos-x86_64 0.1.1 24.00 OK
r-release-windows-x86_64 0.1.1 2.00 67.00 69.00 OK
r-oldrel-macos-arm64 0.1.1 15.00 OK
r-oldrel-macos-x86_64 0.1.1 23.00 OK
r-oldrel-windows-x86_64 0.1.1 3.00 42.00 45.00 OK

Check Details

Version: 0.1.1
Check: dependencies in R code
Result: NOTE Namespace in Imports field not imported from: ‘MASS’ All declared Imports should be used. Flavors: r-devel-linux-x86_64-fedora-clang, r-devel-linux-x86_64-fedora-gcc

These binaries (installable software) and packages are in development.
They may not be fully stable and should be used with caution. We make no claims about them.