Last updated on 2025-02-16 12:53:28 CET.
Flavor | Version | Tinstall | Tcheck | Ttotal | Status | Flags |
---|---|---|---|---|---|---|
r-devel-linux-x86_64-debian-clang | 1.0.10 | 42.66 | 335.37 | 378.03 | NOTE | |
r-devel-linux-x86_64-debian-gcc | 1.0.10 | 26.94 | 216.68 | 243.62 | NOTE | |
r-devel-linux-x86_64-fedora-clang | 1.0.10 | 657.11 | NOTE | |||
r-devel-linux-x86_64-fedora-gcc | 1.0.10 | 582.88 | NOTE | |||
r-devel-macos-arm64 | 1.0.10 | 154.00 | NOTE | |||
r-devel-macos-x86_64 | 1.0.10 | 272.00 | NOTE | |||
r-devel-windows-x86_64 | 1.0.10 | 36.00 | 261.00 | 297.00 | NOTE | |
r-patched-linux-x86_64 | 1.0.10 | 36.62 | 308.89 | 345.51 | NOTE | |
r-release-linux-x86_64 | 1.0.10 | 36.31 | 308.46 | 344.77 | NOTE | |
r-release-macos-arm64 | 1.0.10 | 139.00 | NOTE | |||
r-release-macos-x86_64 | 1.0.10 | 207.00 | NOTE | |||
r-release-windows-x86_64 | 1.0.10 | 38.00 | 265.00 | 303.00 | NOTE | |
r-oldrel-macos-arm64 | 1.0.10 | 103.00 | OK | |||
r-oldrel-macos-x86_64 | 1.0.10 | 207.00 | OK | |||
r-oldrel-windows-x86_64 | 1.0.10 | 51.00 | 344.00 | 395.00 | OK |
Version: 1.0.10
Check: Rd files
Result: NOTE
checkRd: (-1) get_ex_data.Rd:31-32: Lost braces in \itemize; meant \describe ?
checkRd: (-1) get_ex_data.Rd:33: Lost braces in \itemize; meant \describe ?
checkRd: (-1) get_ex_data.Rd:34-35: Lost braces in \itemize; meant \describe ?
checkRd: (-1) get_ex_data.Rd:36: Lost braces in \itemize; meant \describe ?
checkRd: (-1) tidy_results.Rd:28-29: Lost braces in \itemize; meant \describe ?
checkRd: (-1) tidy_results.Rd:30: Lost braces in \itemize; meant \describe ?
Flavors: r-devel-linux-x86_64-debian-clang, r-devel-linux-x86_64-debian-gcc, r-devel-linux-x86_64-fedora-clang, r-devel-linux-x86_64-fedora-gcc, r-devel-macos-arm64, r-devel-macos-x86_64, r-devel-windows-x86_64, r-patched-linux-x86_64, r-release-linux-x86_64, r-release-macos-arm64, r-release-macos-x86_64, r-release-windows-x86_64
These binaries (installable software) and packages are in development.
They may not be fully stable and should be used with caution. We make no claims about them.