Last updated on 2025-07-02 03:50:35 CEST.
Flavor | Version | Tinstall | Tcheck | Ttotal | Status | Flags |
---|---|---|---|---|---|---|
r-devel-linux-x86_64-debian-clang | 3.1.9 | 142.79 | 177.78 | 320.57 | OK | --no-tests |
r-devel-linux-x86_64-debian-gcc | 3.1.9 | 97.41 | 128.17 | 225.58 | OK | --no-tests |
r-devel-linux-x86_64-fedora-clang | 3.1.9 | 2641.35 | OK | |||
r-devel-linux-x86_64-fedora-gcc | 3.1.9 | 2587.67 | OK | |||
r-devel-windows-x86_64 | 3.1.9 | 166.00 | 324.00 | 490.00 | OK | |
r-patched-linux-x86_64 | OK | --no-tests | ||||
r-release-linux-x86_64 | 3.1.9 | 139.58 | 167.46 | 307.04 | OK | --no-tests |
r-release-macos-arm64 | 3.1.7 | 441.00 | OK | |||
r-release-macos-x86_64 | 3.1.9 | 839.00 | OK | |||
r-release-windows-x86_64 | 3.1.9 | 145.00 | 329.00 | 474.00 | OK | |
r-oldrel-macos-arm64 | 3.1.7 | 480.00 | NOTE | |||
r-oldrel-macos-x86_64 | 3.1.9 | 833.00 | NOTE | |||
r-oldrel-windows-x86_64 | 3.1.9 | 193.00 | 433.00 | 626.00 | NOTE |
Version: 3.1.7
Check: package dependencies
Result: NOTE
Package suggested but not available for checking: ‘INLA’
Flavor: r-oldrel-macos-arm64
Version: 3.1.7
Check: installed package size
Result: NOTE
installed size is 13.3Mb
sub-directories of 1Mb or more:
data 1.0Mb
extdata 2.9Mb
libs 8.2Mb
Flavor: r-oldrel-macos-arm64
Version: 3.1.9
Check: package dependencies
Result: NOTE
Package suggested but not available for checking: ‘INLA’
Flavor: r-oldrel-macos-x86_64
Version: 3.1.9
Check: installed package size
Result: NOTE
installed size is 13.9Mb
sub-directories of 1Mb or more:
data 1.0Mb
extdata 2.9Mb
libs 8.8Mb
Flavors: r-oldrel-macos-x86_64, r-oldrel-windows-x86_64
These binaries (installable software) and packages are in development.
They may not be fully stable and should be used with caution. We make no claims about them.