Last updated on 2025-02-16 10:50:41 CET.
Flavor | Version | Tinstall | Tcheck | Ttotal | Status | Flags |
---|---|---|---|---|---|---|
r-devel-linux-x86_64-debian-clang | 2023.8.2.1 | 3.77 | 19.15 | 22.92 | OK | |
r-devel-linux-x86_64-debian-gcc | 2023.8.2.1 | 2.72 | 15.44 | 18.16 | OK | |
r-devel-linux-x86_64-fedora-clang | 2023.8.2.1 | 34.23 | OK | |||
r-devel-linux-x86_64-fedora-gcc | 2023.8.2.1 | 33.22 | OK | |||
r-devel-macos-arm64 | 2023.8.2.1 | 21.00 | OK | |||
r-devel-macos-x86_64 | 2023.8.2.1 | 49.00 | OK | |||
r-devel-windows-x86_64 | 2023.8.2.1 | 10.00 | 52.00 | 62.00 | OK | |
r-patched-linux-x86_64 | 2023.8.2.1 | 3.62 | 18.41 | 22.03 | OK | |
r-release-linux-x86_64 | 2023.8.2.1 | 2.75 | 18.31 | 21.06 | OK | |
r-release-macos-arm64 | 2023.8.2.1 | 25.00 | NOTE | |||
r-release-macos-x86_64 | 2023.8.2.1 | 51.00 | NOTE | |||
r-release-windows-x86_64 | 2023.8.2.1 | 9.00 | 57.00 | 66.00 | NOTE | |
r-oldrel-macos-arm64 | 2023.8.2.1 | 32.00 | NOTE | |||
r-oldrel-macos-x86_64 | 2023.8.2.1 | 119.00 | NOTE | |||
r-oldrel-windows-x86_64 | 2023.8.2.1 | 12.00 | 64.00 | 76.00 | NOTE |
Version: 2023.8.2.1
Check: installed package size
Result: NOTE
installed size is 13.4Mb
sub-directories of 1Mb or more:
include 13.4Mb
Flavors: r-release-macos-arm64, r-release-macos-x86_64, r-release-windows-x86_64, r-oldrel-macos-arm64, r-oldrel-macos-x86_64, r-oldrel-windows-x86_64
These binaries (installable software) and packages are in development.
They may not be fully stable and should be used with caution. We make no claims about them.