CRAN Package Check Results for Package abstr

Last updated on 2025-05-23 05:52:21 CEST.

Flavor Version Tinstall Tcheck Ttotal Status Flags
r-devel-linux-x86_64-debian-clang 0.4.1 2.36 60.02 62.38 OK
r-devel-linux-x86_64-debian-gcc 0.4.1 1.79 45.19 46.98 OK
r-devel-linux-x86_64-fedora-clang 0.4.1 98.16 NOTE
r-devel-linux-x86_64-fedora-gcc 0.4.1 117.57 NOTE
r-devel-windows-x86_64 0.4.1 5.00 94.00 99.00 OK
r-patched-linux-x86_64 0.4.1 2.83 55.47 58.30 OK
r-release-linux-x86_64 0.4.1 2.43 55.59 58.02 OK
r-release-macos-arm64 0.4.1 62.00 OK
r-release-macos-x86_64 0.4.1 103.00 OK
r-release-windows-x86_64 0.4.1 6.00 82.00 88.00 OK
r-oldrel-macos-arm64 0.4.1 54.00 OK
r-oldrel-macos-x86_64 0.4.1 78.00 OK
r-oldrel-windows-x86_64 0.4.1 6.00 96.00 102.00 OK

Check Details

Version: 0.4.1
Check: dependencies in R code
Result: NOTE Namespace in Imports field not imported from: ‘tibble’ All declared Imports should be used. Flavors: r-devel-linux-x86_64-fedora-clang, r-devel-linux-x86_64-fedora-gcc

These binaries (installable software) and packages are in development.
They may not be fully stable and should be used with caution. We make no claims about them.