Last updated on 2025-05-01 08:52:26 CEST.
Flavor | Version | Tinstall | Tcheck | Ttotal | Status | Flags |
---|---|---|---|---|---|---|
r-devel-linux-x86_64-debian-clang | 1.0.1 | 18.24 | 93.35 | 111.59 | NOTE | |
r-devel-linux-x86_64-debian-gcc | 1.0.1 | 13.09 | 66.81 | 79.90 | OK | |
r-devel-linux-x86_64-fedora-clang | 1.0.1 | 180.90 | OK | |||
r-devel-linux-x86_64-fedora-gcc | 1.0.1 | 174.25 | OK | |||
r-devel-windows-x86_64 | 1.0.1 | 23.00 | 120.00 | 143.00 | OK | |
r-patched-linux-x86_64 | 1.0.1 | 17.75 | 88.62 | 106.37 | OK | |
r-release-linux-x86_64 | OK | |||||
r-release-macos-arm64 | 1.0.1 | 77.00 | OK | |||
r-release-macos-x86_64 | 1.0.1 | 94.00 | OK | |||
r-release-windows-x86_64 | 1.0.1 | 25.00 | 125.00 | 150.00 | OK | |
r-oldrel-macos-arm64 | 1.0.1 | 50.00 | OK | |||
r-oldrel-macos-x86_64 | 1.0.1 | 77.00 | OK | |||
r-oldrel-windows-x86_64 | 1.0.1 | 28.00 | 150.00 | 178.00 | OK |
Version: 1.0.1
Check: examples
Result: NOTE
Examples with CPU (user + system) or elapsed time > 5s
user system elapsed
plot_posterior 4.352 0.232 5.822
Flavor: r-devel-linux-x86_64-debian-clang
These binaries (installable software) and packages are in development.
They may not be fully stable and should be used with caution. We make no claims about them.