CRAN Package Check Results for Package academictwitteR

Last updated on 2025-05-08 04:51:58 CEST.

Flavor Version Tinstall Tcheck Ttotal Status Flags
r-devel-linux-x86_64-debian-clang 0.3.1 5.51 75.25 80.76 NOTE
r-devel-linux-x86_64-debian-gcc 0.3.1 3.50 54.69 58.19 NOTE
r-devel-linux-x86_64-fedora-clang 0.3.1 124.29 NOTE
r-devel-linux-x86_64-fedora-gcc 0.3.1 137.10 NOTE
r-devel-windows-x86_64 0.3.1 7.00 103.00 110.00 NOTE
r-patched-linux-x86_64 0.3.1 6.07 70.09 76.16 NOTE
r-release-linux-x86_64 0.3.1 5.08 70.45 75.53 NOTE
r-release-macos-arm64 0.3.1 47.00 NOTE
r-release-macos-x86_64 0.3.1 96.00 NOTE
r-release-windows-x86_64 0.3.1 7.00 102.00 109.00 NOTE
r-oldrel-macos-arm64 0.3.1 49.00 NOTE
r-oldrel-macos-x86_64 0.3.1 81.00 NOTE
r-oldrel-windows-x86_64 0.3.1 10.00 124.00 134.00 NOTE

Check Details

Version: 0.3.1
Check: Rd files
Result: NOTE checkRd: (-1) bind_tweets.Rd:21: Lost braces in \itemize; meant \describe ? checkRd: (-1) bind_tweets.Rd:22: Lost braces in \itemize; meant \describe ? Flavors: r-devel-linux-x86_64-debian-clang, r-devel-linux-x86_64-debian-gcc, r-devel-linux-x86_64-fedora-clang, r-devel-linux-x86_64-fedora-gcc, r-devel-windows-x86_64, r-patched-linux-x86_64, r-release-linux-x86_64, r-release-macos-arm64, r-release-macos-x86_64, r-release-windows-x86_64, r-oldrel-macos-arm64, r-oldrel-macos-x86_64, r-oldrel-windows-x86_64

These binaries (installable software) and packages are in development.
They may not be fully stable and should be used with caution. We make no claims about them.