Last updated on 2025-11-11 15:50:26 CET.
| Flavor | Version | Tinstall | Tcheck | Ttotal | Status | Flags |
|---|---|---|---|---|---|---|
| r-devel-linux-x86_64-debian-clang | 0.3.1 | 3.99 | 77.81 | 81.80 | NOTE | |
| r-devel-linux-x86_64-debian-gcc | 0.3.1 | 3.21 | 55.17 | 58.38 | NOTE | |
| r-devel-linux-x86_64-fedora-clang | 0.3.1 | 124.43 | NOTE | |||
| r-devel-linux-x86_64-fedora-gcc | 0.3.1 | 134.42 | NOTE | |||
| r-devel-windows-x86_64 | 0.3.1 | 8.00 | 102.00 | 110.00 | NOTE | |
| r-patched-linux-x86_64 | 0.3.1 | 5.39 | 71.75 | 77.14 | NOTE | |
| r-release-linux-x86_64 | 0.3.1 | 4.39 | 72.40 | 76.79 | NOTE | |
| r-release-macos-arm64 | 0.3.1 | 2.00 | 45.00 | 47.00 | NOTE | |
| r-release-macos-x86_64 | 0.3.1 | 4.00 | 92.00 | 96.00 | NOTE | |
| r-release-windows-x86_64 | 0.3.1 | 8.00 | 100.00 | 108.00 | NOTE | |
| r-oldrel-macos-arm64 | 0.3.1 | 2.00 | 47.00 | 49.00 | NOTE | |
| r-oldrel-macos-x86_64 | 0.3.1 | 3.00 | 78.00 | 81.00 | NOTE | |
| r-oldrel-windows-x86_64 | 0.3.1 | 9.00 | 123.00 | 132.00 | NOTE |
Version: 0.3.1
Check: Rd files
Result: NOTE
checkRd: (-1) bind_tweets.Rd:21: Lost braces in \itemize; meant \describe ?
checkRd: (-1) bind_tweets.Rd:22: Lost braces in \itemize; meant \describe ?
Flavors: r-devel-linux-x86_64-debian-clang, r-devel-linux-x86_64-debian-gcc, r-devel-linux-x86_64-fedora-clang, r-devel-linux-x86_64-fedora-gcc, r-devel-windows-x86_64, r-patched-linux-x86_64, r-release-linux-x86_64, r-release-macos-arm64, r-release-macos-x86_64, r-release-windows-x86_64, r-oldrel-macos-arm64, r-oldrel-macos-x86_64, r-oldrel-windows-x86_64
These binaries (installable software) and packages are in development.
They may not be fully stable and should be used with caution. We make no claims about them.