CRAN Package Check Results for Package academictwitteR

Last updated on 2025-02-16 10:50:41 CET.

Flavor Version Tinstall Tcheck Ttotal Status Flags
r-devel-linux-x86_64-debian-clang 0.3.1 5.24 73.33 78.57 NOTE
r-devel-linux-x86_64-debian-gcc 0.3.1 3.58 52.79 56.37 NOTE
r-devel-linux-x86_64-fedora-clang 0.3.1 128.72 NOTE
r-devel-linux-x86_64-fedora-gcc 0.3.1 134.56 NOTE
r-devel-macos-arm64 0.3.1 53.00 NOTE
r-devel-macos-x86_64 0.3.1 82.00 NOTE
r-devel-windows-x86_64 0.3.1 8.00 102.00 110.00 NOTE
r-patched-linux-x86_64 0.3.1 4.65 68.45 73.10 NOTE
r-release-linux-x86_64 0.3.1 4.58 68.46 73.04 NOTE
r-release-macos-arm64 0.3.1 49.00 NOTE
r-release-macos-x86_64 0.3.1 81.00 NOTE
r-release-windows-x86_64 0.3.1 8.00 100.00 108.00 NOTE
r-oldrel-macos-arm64 0.3.1 53.00 OK
r-oldrel-macos-x86_64 0.3.1 77.00 OK
r-oldrel-windows-x86_64 0.3.1 9.00 114.00 123.00 OK

Check Details

Version: 0.3.1
Check: Rd files
Result: NOTE checkRd: (-1) bind_tweets.Rd:21: Lost braces in \itemize; meant \describe ? checkRd: (-1) bind_tweets.Rd:22: Lost braces in \itemize; meant \describe ? Flavors: r-devel-linux-x86_64-debian-clang, r-devel-linux-x86_64-debian-gcc, r-devel-linux-x86_64-fedora-clang, r-devel-linux-x86_64-fedora-gcc, r-devel-macos-arm64, r-devel-macos-x86_64, r-devel-windows-x86_64, r-patched-linux-x86_64, r-release-linux-x86_64, r-release-macos-arm64, r-release-macos-x86_64, r-release-windows-x86_64

These binaries (installable software) and packages are in development.
They may not be fully stable and should be used with caution. We make no claims about them.