Last updated on 2025-11-14 05:50:49 CET.
| Flavor | Version | Tinstall | Tcheck | Ttotal | Status | Flags |
|---|---|---|---|---|---|---|
| r-devel-linux-x86_64-debian-clang | 1.1.3 | 4.57 | 46.90 | 51.47 | NOTE | |
| r-devel-linux-x86_64-debian-gcc | 1.1.3 | 3.55 | 32.89 | 36.44 | NOTE | |
| r-devel-linux-x86_64-fedora-clang | 1.1.3 | 14.00 | 64.71 | 78.71 | OK | |
| r-devel-linux-x86_64-fedora-gcc | 1.1.3 | 75.19 | OK | |||
| r-devel-windows-x86_64 | 1.1.3 | 8.00 | 64.00 | 72.00 | OK | |
| r-patched-linux-x86_64 | 1.1.3 | 5.19 | 43.54 | 48.73 | OK | |
| r-release-linux-x86_64 | 1.1.3 | 4.93 | 44.29 | 49.22 | OK | |
| r-release-macos-arm64 | 1.1.3 | 2.00 | 23.00 | 25.00 | OK | |
| r-release-macos-x86_64 | 1.1.3 | 4.00 | 39.00 | 43.00 | OK | |
| r-release-windows-x86_64 | 1.1.3 | 7.00 | 63.00 | 70.00 | OK | |
| r-oldrel-macos-arm64 | 1.1.3 | 2.00 | 23.00 | 25.00 | OK | |
| r-oldrel-macos-x86_64 | 1.1.3 | 6.00 | 40.00 | 46.00 | OK | |
| r-oldrel-windows-x86_64 | 1.1.3 | 8.00 | 84.00 | 92.00 | OK |
Version: 1.1.3
Check: CRAN incoming feasibility
Result: NOTE
Maintainer: ‘Gudmundur Einarsson <gumeo140688@gmail.com>’
The Description field contains
<arXiv:1705.07194>). Functions for performing cross validation are
the package (See Ames and Hong, <arXiv:1401.5492>). See the 'github'
Please refer to arXiv e-prints via their arXiv DOI <doi:10.48550/arXiv.YYMM.NNNNN>.
Flavors: r-devel-linux-x86_64-debian-clang, r-devel-linux-x86_64-debian-gcc
These binaries (installable software) and packages are in development.
They may not be fully stable and should be used with caution. We make no claims about them.