Last updated on 2025-07-01 11:49:13 CEST.
Flavor | Version | Tinstall | Tcheck | Ttotal | Status | Flags |
---|---|---|---|---|---|---|
r-devel-linux-x86_64-debian-clang | 0.2 | 5.81 | 50.64 | 56.45 | NOTE | |
r-devel-linux-x86_64-debian-gcc | 0.2 | 4.08 | 34.98 | 39.06 | NOTE | |
r-devel-linux-x86_64-fedora-clang | 0.2 | 87.71 | OK | |||
r-devel-linux-x86_64-fedora-gcc | 0.2 | 81.69 | OK | |||
r-devel-windows-x86_64 | 0.2 | 7.00 | 68.00 | 75.00 | OK | |
r-patched-linux-x86_64 | OK | |||||
r-release-linux-x86_64 | 0.2 | 5.16 | 45.82 | 50.98 | OK | |
r-release-macos-arm64 | 0.2 | 26.00 | OK | |||
r-release-macos-x86_64 | 0.2 | 48.00 | OK | |||
r-release-windows-x86_64 | 0.2 | 8.00 | 68.00 | 76.00 | OK | |
r-oldrel-macos-arm64 | 0.2 | 25.00 | OK | |||
r-oldrel-macos-x86_64 | 0.2 | 44.00 | OK | |||
r-oldrel-windows-x86_64 | 0.2 | 9.00 | 78.00 | 87.00 | OK |
Version: 0.2
Check: CRAN incoming feasibility
Result: NOTE
Maintainer: ‘livio finos <livio.finos@unipd.it>’
No Authors@R field in DESCRIPTION.
Please add one, modifying
Authors@R: person(given = "Livio",
family = "Finos",
role = c("aut", "cre"),
email = "livio.finos@unipd.it")
as necessary.
Flavors: r-devel-linux-x86_64-debian-clang, r-devel-linux-x86_64-debian-gcc
These binaries (installable software) and packages are in development.
They may not be fully stable and should be used with caution. We make no claims about them.