Last updated on 2024-07-27 15:50:10 CEST.
Flavor | Version | Tinstall | Tcheck | Ttotal | Status | Flags |
---|---|---|---|---|---|---|
r-devel-linux-x86_64-debian-clang | 1.4 | 15.00 | 125.88 | 140.88 | NOTE | |
r-devel-linux-x86_64-debian-gcc | 1.4 | NOTE | ||||
r-devel-linux-x86_64-fedora-clang | 1.4 | 175.18 | NOTE | |||
r-devel-linux-x86_64-fedora-gcc | 1.4 | 164.91 | NOTE | |||
r-devel-windows-x86_64 | 1.4 | 13.00 | 108.00 | 121.00 | NOTE | |
r-patched-linux-x86_64 | 1.4 | NOTE | ||||
r-release-linux-x86_64 | 1.4 | 9.83 | 121.35 | 131.18 | NOTE | |
r-release-macos-arm64 | 1.4 | 52.00 | NOTE | |||
r-release-macos-x86_64 | 1.4 | 74.00 | NOTE | |||
r-release-windows-x86_64 | 1.4 | 13.00 | 107.00 | 120.00 | NOTE | |
r-oldrel-macos-arm64 | 1.4 | 39.00 | OK | |||
r-oldrel-macos-x86_64 | 1.4 | 64.00 | OK | |||
r-oldrel-windows-x86_64 | 1.4 | 18.00 | 139.00 | 157.00 | OK |
Version: 1.4
Check: Rd files
Result: NOTE
checkRd: (-1) accelimp.Rd:15: Lost braces
15 | \item[]{...}
| ^
Flavors: r-devel-linux-x86_64-debian-clang, r-devel-linux-x86_64-debian-gcc, r-devel-linux-x86_64-fedora-clang, r-devel-linux-x86_64-fedora-gcc, r-devel-windows-x86_64, r-patched-linux-x86_64, r-release-linux-x86_64, r-release-macos-arm64, r-release-macos-x86_64, r-release-windows-x86_64
Version: 1.4
Check: for non-standard things in the check directory
Result: NOTE
Found the following files/directories:
‘acceldata2.RData’
Flavors: r-devel-linux-x86_64-debian-clang, r-devel-linux-x86_64-debian-gcc, r-devel-linux-x86_64-fedora-clang, r-devel-linux-x86_64-fedora-gcc, r-patched-linux-x86_64, r-release-linux-x86_64
Version: 1.4
Check: Rd cross-references
Result: NOTE
Found the following Rd file(s) with Rd \link{} targets missing package
anchors:
mice.impute.2l.zip.pmm.Rd: mice
mice.impute.2l.zipln.Rd: mice
mice.impute.2l.zipln.pmm.Rd: mice
Please provide package anchors for all Rd \link{} targets not in the
package itself and the base packages.
Flavors: r-devel-linux-x86_64-debian-gcc, r-devel-windows-x86_64
These binaries (installable software) and packages are in development.
They may not be fully stable and should be used with caution. We make no claims about them.