Last updated on 2025-05-01 14:49:03 CEST.
Flavor | Version | Tinstall | Tcheck | Ttotal | Status | Flags |
---|---|---|---|---|---|---|
r-devel-linux-x86_64-debian-clang | 1.4 | 11.94 | 104.23 | 116.17 | NOTE | |
r-devel-linux-x86_64-debian-gcc | 1.4 | 8.07 | 74.25 | 82.32 | NOTE | |
r-devel-linux-x86_64-fedora-clang | 1.4 | 176.22 | NOTE | |||
r-devel-linux-x86_64-fedora-gcc | 1.4 | 165.33 | NOTE | |||
r-devel-windows-x86_64 | 1.4 | 12.00 | 108.00 | 120.00 | NOTE | |
r-patched-linux-x86_64 | 1.4 | 11.60 | 98.86 | 110.46 | NOTE | |
r-release-linux-x86_64 | NOTE | |||||
r-release-macos-arm64 | 1.4 | 60.00 | NOTE | |||
r-release-macos-x86_64 | 1.4 | 92.00 | NOTE | |||
r-release-windows-x86_64 | 1.4 | 14.00 | 110.00 | 124.00 | NOTE | |
r-oldrel-macos-arm64 | 1.4 | 52.00 | NOTE | |||
r-oldrel-macos-x86_64 | 1.4 | 74.00 | NOTE | |||
r-oldrel-windows-x86_64 | 1.4 | 15.00 | 134.00 | 149.00 | NOTE |
Version: 1.4
Check: CRAN incoming feasibility
Result: NOTE
Maintainer: ‘Jung Ae Lee <jungaeleeb@gmail.com>’
No Authors@R field in DESCRIPTION.
Please add one, modifying
Authors@R: person(given = c("Jung", "Ae"),
family = "Lee",
role = c("aut", "cre"),
email = "julee@uark.edu")
as necessary.
Flavors: r-devel-linux-x86_64-debian-clang, r-devel-linux-x86_64-debian-gcc
Version: 1.4
Check: Rd files
Result: NOTE
checkRd: (-1) accelimp.Rd:15: Lost braces
15 | \item[]{...}
| ^
Flavors: r-devel-linux-x86_64-debian-clang, r-devel-linux-x86_64-debian-gcc, r-devel-linux-x86_64-fedora-clang, r-devel-linux-x86_64-fedora-gcc, r-devel-windows-x86_64, r-patched-linux-x86_64, r-release-linux-x86_64, r-release-macos-arm64, r-release-macos-x86_64, r-release-windows-x86_64, r-oldrel-macos-arm64, r-oldrel-macos-x86_64, r-oldrel-windows-x86_64
Version: 1.4
Check: Rd cross-references
Result: NOTE
Found the following Rd file(s) with Rd \link{} targets missing package
anchors:
mice.impute.2l.zip.pmm.Rd: mice
mice.impute.2l.zipln.Rd: mice
mice.impute.2l.zipln.pmm.Rd: mice
Please provide package anchors for all Rd \link{} targets not in the
package itself and the base packages.
Flavors: r-devel-linux-x86_64-debian-clang, r-devel-linux-x86_64-debian-gcc, r-devel-windows-x86_64, r-patched-linux-x86_64, r-release-linux-x86_64, r-release-windows-x86_64
Version: 1.4
Check: examples
Result: NOTE
Examples with CPU (user + system) or elapsed time > 5s
user system elapsed
accel.impute 4.844 0.209 6.58
Flavor: r-devel-linux-x86_64-debian-clang
Version: 1.4
Check: for non-standard things in the check directory
Result: NOTE
Found the following files/directories:
‘acceldata2.RData’
Flavors: r-devel-linux-x86_64-debian-clang, r-devel-linux-x86_64-debian-gcc, r-devel-linux-x86_64-fedora-clang, r-devel-linux-x86_64-fedora-gcc, r-patched-linux-x86_64, r-release-linux-x86_64
These binaries (installable software) and packages are in development.
They may not be fully stable and should be used with caution. We make no claims about them.