CRAN Package Check Results for Package accessr

Last updated on 2025-05-01 15:49:25 CEST.

Flavor Version Tinstall Tcheck Ttotal Status Flags
r-devel-linux-x86_64-debian-clang 1.1.3 2.80 47.80 50.60 NOTE
r-devel-linux-x86_64-debian-gcc 1.1.3 2.20 36.30 38.50 OK
r-devel-linux-x86_64-fedora-clang 1.1.3 78.43 OK
r-devel-linux-x86_64-fedora-gcc 1.1.3 73.74 OK
r-devel-windows-x86_64 1.1.3 4.00 71.00 75.00 OK
r-patched-linux-x86_64 1.1.3 3.34 44.06 47.40 OK
r-release-linux-x86_64 OK
r-release-macos-arm64 1.1.3 40.00 OK
r-release-macos-x86_64 1.1.3 57.00 OK
r-release-windows-x86_64 1.1.3 5.00 70.00 75.00 OK
r-oldrel-macos-arm64 1.1.3 31.00 OK
r-oldrel-macos-x86_64 1.1.3 58.00 OK
r-oldrel-windows-x86_64 1.1.3 5.00 80.00 85.00 OK

Check Details

Version: 1.1.3
Check: examples
Result: NOTE Examples with CPU (user + system) or elapsed time > 5s user system elapsed rmd2many 4.634 0.442 7.34 Flavor: r-devel-linux-x86_64-debian-clang

These binaries (installable software) and packages are in development.
They may not be fully stable and should be used with caution. We make no claims about them.