CRAN Package Check Results for Package aceEditor

Last updated on 2025-05-02 16:55:31 CEST.

Flavor Version Tinstall Tcheck Ttotal Status Flags
r-devel-linux-x86_64-debian-clang 1.0.1 3.39 24.49 27.88 OK
r-devel-linux-x86_64-debian-gcc 1.0.1 2.35 19.99 22.34 OK
r-devel-linux-x86_64-fedora-clang 1.0.1 42.35 OK
r-devel-linux-x86_64-fedora-gcc 1.0.1 40.27 OK
r-devel-windows-x86_64 1.0.1 5.00 46.00 51.00 OK
r-patched-linux-x86_64 1.0.1 2.90 23.76 26.66 OK
r-release-linux-x86_64 OK
r-release-macos-arm64 1.0.1 32.00 OK
r-release-macos-x86_64 1.0.1 29.00 OK
r-release-windows-x86_64 1.0.1 8.00 52.00 60.00 OK
r-oldrel-macos-arm64 1.0.1 20.00 NOTE
r-oldrel-macos-x86_64 1.0.1 26.00 NOTE
r-oldrel-windows-x86_64 1.0.1 7.00 47.00 54.00 NOTE

Check Details

Version: 1.0.1
Check: installed package size
Result: NOTE installed size is 11.7Mb sub-directories of 1Mb or more: htmlwidgets 11.6Mb Flavors: r-oldrel-macos-arm64, r-oldrel-macos-x86_64, r-oldrel-windows-x86_64

Version: 1.0.1
Check: LazyData
Result: NOTE 'LazyData' is specified without a 'data' directory Flavors: r-oldrel-macos-arm64, r-oldrel-macos-x86_64, r-oldrel-windows-x86_64

These binaries (installable software) and packages are in development.
They may not be fully stable and should be used with caution. We make no claims about them.