Last updated on 2025-02-19 16:50:40 CET.
Flavor | Version | Tinstall | Tcheck | Ttotal | Status | Flags |
---|---|---|---|---|---|---|
r-devel-linux-x86_64-debian-clang | 1.10 | 27.35 | 67.77 | 95.12 | NOTE | |
r-devel-linux-x86_64-debian-gcc | 1.10 | 17.81 | 37.39 | 55.20 | NOTE | |
r-devel-linux-x86_64-fedora-clang | 1.10 | 142.49 | NOTE | |||
r-devel-linux-x86_64-fedora-gcc | 1.10 | 126.24 | NOTE | |||
r-devel-macos-arm64 | 1.10 | 36.00 | NOTE | |||
r-devel-macos-x86_64 | 1.10 | 93.00 | NOTE | |||
r-devel-windows-x86_64 | 1.10 | 28.00 | 90.00 | 118.00 | NOTE | |
r-patched-linux-x86_64 | 1.10 | 24.38 | 48.14 | 72.52 | NOTE | |
r-release-linux-x86_64 | 1.10 | 26.49 | 48.19 | 74.68 | NOTE | |
r-release-macos-arm64 | 1.10 | 38.00 | NOTE | |||
r-release-macos-x86_64 | 1.10 | 76.00 | NOTE | |||
r-release-windows-x86_64 | 1.10 | 28.00 | 3.00 | 31.00 | FAIL | |
r-oldrel-macos-arm64 | 1.10 | 41.00 | NOTE | |||
r-oldrel-macos-x86_64 | 1.10 | 65.00 | NOTE | |||
r-oldrel-windows-x86_64 | 1.10 | 35.00 | 111.00 | 146.00 | NOTE |
Version: 1.10
Check: C++ specification
Result: NOTE
Specified C++11: please drop specification unless essential
Flavors: r-devel-linux-x86_64-debian-clang, r-devel-linux-x86_64-debian-gcc, r-devel-linux-x86_64-fedora-clang, r-devel-linux-x86_64-fedora-gcc, r-devel-macos-arm64, r-devel-macos-x86_64, r-devel-windows-x86_64, r-patched-linux-x86_64, r-release-linux-x86_64, r-release-macos-arm64, r-release-macos-x86_64, r-oldrel-macos-arm64, r-oldrel-macos-x86_64, r-oldrel-windows-x86_64
Version: 1.10
Check: Rd files
Result: NOTE
checkRd: (-1) overstallwoods.Rd:184-185: Lost braces in \itemize; \value handles \item{}{} directly
checkRd: (-1) overstallwoods.Rd:186-187: Lost braces in \itemize; \value handles \item{}{} directly
checkRd: (-1) overstallwoods.Rd:188-189: Lost braces in \itemize; \value handles \item{}{} directly
checkRd: (-1) overstallwoods.Rd:190-191: Lost braces in \itemize; \value handles \item{}{} directly
Flavors: r-devel-linux-x86_64-debian-clang, r-devel-linux-x86_64-debian-gcc, r-devel-linux-x86_64-fedora-clang, r-devel-linux-x86_64-fedora-gcc, r-devel-macos-arm64, r-devel-macos-x86_64, r-devel-windows-x86_64, r-patched-linux-x86_64, r-release-linux-x86_64, r-release-macos-arm64, r-release-macos-x86_64
Version: 1.10
Check: package dependencies
Result: FAIL
Flavor: r-release-windows-x86_64
These binaries (installable software) and packages are in development.
They may not be fully stable and should be used with caution. We make no claims about them.