Last updated on 2025-02-19 16:50:40 CET.
Flavor | Version | Tinstall | Tcheck | Ttotal | Status | Flags |
---|---|---|---|---|---|---|
r-devel-linux-x86_64-debian-clang | 1.1 | 12.15 | 98.19 | 110.34 | OK | |
r-devel-linux-x86_64-debian-gcc | 1.1 | 8.05 | 71.34 | 79.39 | OK | |
r-devel-linux-x86_64-fedora-clang | 1.1 | 171.78 | OK | |||
r-devel-linux-x86_64-fedora-gcc | 1.1 | 171.80 | OK | |||
r-devel-macos-arm64 | 1.1 | 49.00 | OK | |||
r-devel-macos-x86_64 | 1.1 | 95.00 | OK | |||
r-devel-windows-x86_64 | 1.1 | 13.00 | 122.00 | 135.00 | OK | |
r-patched-linux-x86_64 | 1.1 | 12.07 | 89.81 | 101.88 | OK | |
r-release-linux-x86_64 | 1.1 | 12.09 | 91.71 | 103.80 | OK | |
r-release-macos-arm64 | 1.1 | 49.00 | OK | |||
r-release-macos-x86_64 | 1.1 | 75.00 | OK | |||
r-release-windows-x86_64 | 1.1 | 13.00 | 3.00 | 16.00 | FAIL | |
r-oldrel-macos-arm64 | 1.1 | 55.00 | OK | |||
r-oldrel-macos-x86_64 | 1.1 | 85.00 | OK | |||
r-oldrel-windows-x86_64 | 1.1 | 17.00 | 146.00 | 163.00 | OK |
Version: 1.1
Check: package dependencies
Result: FAIL
Flavor: r-release-windows-x86_64
These binaries (installable software) and packages are in development.
They may not be fully stable and should be used with caution. We make no claims about them.