CRAN Package Check Results for Package acopula

Last updated on 2025-05-07 15:49:10 CEST.

Flavor Version Tinstall Tcheck Ttotal Status Flags
r-devel-linux-x86_64-debian-clang 0.9.4 4.62 36.39 41.01 NOTE
r-devel-linux-x86_64-debian-gcc 0.9.4 3.33 26.00 29.33 NOTE
r-devel-linux-x86_64-fedora-clang 0.9.4 65.05 OK
r-devel-linux-x86_64-fedora-gcc 0.9.4 61.71 OK
r-devel-windows-x86_64 0.9.4 5.00 53.00 58.00 OK
r-patched-linux-x86_64 0.9.4 4.74 35.11 39.85 OK
r-release-linux-x86_64 0.9.4 4.05 34.64 38.69 OK
r-release-macos-arm64 0.9.4 21.00 OK
r-release-macos-x86_64 0.9.4 36.00 OK
r-release-windows-x86_64 0.9.4 5.00 53.00 58.00 OK
r-oldrel-macos-arm64 0.9.4 26.00 OK
r-oldrel-macos-x86_64 0.9.4 30.00 OK
r-oldrel-windows-x86_64 0.9.4 4.00 58.00 62.00 OK

Check Details

Version: 0.9.4
Check: CRAN incoming feasibility
Result: NOTE Maintainer: ‘Tomas Bacigal <bacigal@math.sk>’ No Authors@R field in DESCRIPTION. Please add one, modifying Authors@R: person(given = "Tomas", family = "Bacigal", role = c("aut", "cre"), email = "bacigal@math.sk") as necessary. Flavors: r-devel-linux-x86_64-debian-clang, r-devel-linux-x86_64-debian-gcc

These binaries (installable software) and packages are in development.
They may not be fully stable and should be used with caution. We make no claims about them.