CRAN Package Check Results for Package acp

Last updated on 2025-10-03 05:53:24 CEST.

Flavor Version Tinstall Tcheck Ttotal Status Flags
r-devel-linux-x86_64-debian-clang 2.1 3.01 35.58 38.59 NOTE
r-devel-linux-x86_64-debian-gcc 2.1 2.92 26.82 29.74 NOTE
r-devel-linux-x86_64-fedora-clang 2.1 55.67 OK
r-devel-linux-x86_64-fedora-gcc 2.1 59.07 OK
r-devel-windows-x86_64 2.1 6.00 59.00 65.00 OK
r-patched-linux-x86_64 2.1 3.51 33.42 36.93 OK
r-release-linux-x86_64 2.1 3.35 33.81 37.16 OK
r-release-macos-arm64 2.1 26.00 OK
r-release-macos-x86_64 2.1 41.00 OK
r-release-windows-x86_64 2.1 5.00 59.00 64.00 OK
r-oldrel-macos-arm64 2.1 21.00 OK
r-oldrel-macos-x86_64 2.1 43.00 OK
r-oldrel-windows-x86_64 2.1 7.00 67.00 74.00 OK

Check Details

Version: 2.1
Check: CRAN incoming feasibility
Result: NOTE Maintainer: ‘Siakoulis Vasilios <Siakoulis.Vasilios@atticabank.gr>’ No Authors@R field in DESCRIPTION. Please add one, modifying Authors@R: c(person(given = "Siakoulis", family = "Vasileios", role = "aut"), person(given = "Siakoulis", family = "Vasilios", role = "cre", email = "Siakoulis.Vasilios@atticabank.gr")) as necessary. Flavors: r-devel-linux-x86_64-debian-clang, r-devel-linux-x86_64-debian-gcc

These binaries (installable software) and packages are in development.
They may not be fully stable and should be used with caution. We make no claims about them.