Last updated on 2025-11-11 15:50:26 CET.
| Flavor | Version | Tinstall | Tcheck | Ttotal | Status | Flags |
|---|---|---|---|---|---|---|
| r-devel-linux-x86_64-debian-clang | 1.2 | 142.45 | 37.87 | 180.32 | NOTE | |
| r-devel-linux-x86_64-debian-gcc | 1.2 | 120.90 | 30.02 | 150.92 | NOTE | |
| r-devel-linux-x86_64-fedora-clang | 1.2 | 321.00 | -21.78 | 299.22 | NOTE | |
| r-devel-linux-x86_64-fedora-gcc | 1.2 | 285.00 | 5.36 | 290.36 | NOTE | |
| r-devel-windows-x86_64 | 1.2 | 128.00 | 50.00 | 178.00 | NOTE | |
| r-patched-linux-x86_64 | 1.2 | 137.25 | 37.46 | 174.71 | OK | |
| r-release-linux-x86_64 | 1.2 | 138.31 | 37.59 | 175.90 | OK | |
| r-release-macos-arm64 | 1.2 | 97.00 | 22.00 | 119.00 | OK | |
| r-release-macos-x86_64 | 1.2 | 206.00 | 40.00 | 246.00 | OK | |
| r-release-windows-x86_64 | 1.2 | 140.00 | 49.00 | 189.00 | OK | |
| r-oldrel-macos-arm64 | 1.2 | 106.00 | 28.00 | 134.00 | NOTE | |
| r-oldrel-macos-x86_64 | 1.2 | 213.00 | 55.00 | 268.00 | NOTE | |
| r-oldrel-windows-x86_64 | 1.2 | 201.00 | 62.00 | 263.00 | NOTE |
Version: 1.2
Check: Rd files
Result: NOTE
checkRd: (-1) acss_data-package.Rd:11-18: Only 2 columns allowed in this table (row 5 has 1)
Flavors: r-devel-linux-x86_64-debian-clang, r-devel-linux-x86_64-debian-gcc, r-devel-linux-x86_64-fedora-clang, r-devel-linux-x86_64-fedora-gcc, r-devel-windows-x86_64
Version: 1.2
Check: installed package size
Result: NOTE
installed size is 15.6Mb
sub-directories of 1Mb or more:
data 15.6Mb
Flavors: r-oldrel-macos-arm64, r-oldrel-macos-x86_64, r-oldrel-windows-x86_64
These binaries (installable software) and packages are in development.
They may not be fully stable and should be used with caution. We make no claims about them.