Last updated on 2025-02-16 10:50:41 CET.
Flavor | Version | Tinstall | Tcheck | Ttotal | Status | Flags |
---|---|---|---|---|---|---|
r-devel-linux-x86_64-debian-clang | 1.0 | 139.90 | 77.20 | 217.10 | OK | |
r-devel-linux-x86_64-debian-gcc | 1.0 | 124.56 | 62.94 | 187.50 | OK | |
r-devel-linux-x86_64-fedora-clang | 1.0 | 363.02 | OK | |||
r-devel-linux-x86_64-fedora-gcc | 1.0 | 360.84 | OK | |||
r-devel-macos-arm64 | 1.0 | 144.00 | OK | |||
r-devel-macos-x86_64 | 1.0 | 301.00 | OK | |||
r-devel-windows-x86_64 | 1.0 | 140.00 | 76.00 | 216.00 | OK | |
r-patched-linux-x86_64 | 1.0 | 141.03 | 78.47 | 219.50 | OK | |
r-release-linux-x86_64 | 1.0 | 139.59 | 80.42 | 220.01 | OK | |
r-release-macos-arm64 | 1.0 | 154.00 | NOTE | |||
r-release-macos-x86_64 | 1.0 | 194.00 | NOTE | |||
r-release-windows-x86_64 | 1.0 | 136.00 | 78.00 | 214.00 | NOTE | |
r-oldrel-macos-arm64 | 1.0 | 158.00 | NOTE | |||
r-oldrel-macos-x86_64 | 1.0 | 224.00 | NOTE | |||
r-oldrel-windows-x86_64 | 1.0 | 140.00 | 91.00 | 231.00 | NOTE |
Version: 1.0
Check: installed package size
Result: NOTE
installed size is 14.6Mb
sub-directories of 1Mb or more:
R 14.6Mb
Flavors: r-release-macos-arm64, r-release-macos-x86_64, r-release-windows-x86_64, r-oldrel-macos-arm64, r-oldrel-macos-x86_64, r-oldrel-windows-x86_64
These binaries (installable software) and packages are in development.
They may not be fully stable and should be used with caution. We make no claims about them.