Last updated on 2024-07-27 15:50:10 CEST.
Flavor | Version | Tinstall | Tcheck | Ttotal | Status | Flags |
---|---|---|---|---|---|---|
r-devel-linux-x86_64-debian-clang | 1.3.0 | 18.98 | 192.63 | 211.61 | OK | |
r-devel-linux-x86_64-debian-gcc | 1.3.0 | OK | ||||
r-devel-linux-x86_64-fedora-clang | 1.3.0 | 263.05 | NOTE | |||
r-devel-linux-x86_64-fedora-gcc | 1.3.0 | 256.38 | NOTE | |||
r-devel-windows-x86_64 | 1.3.0 | 24.00 | 171.00 | 195.00 | OK | |
r-patched-linux-x86_64 | 1.3.0 | OK | ||||
r-release-linux-x86_64 | 1.3.0 | 14.50 | 183.71 | 198.21 | OK | |
r-release-macos-arm64 | 1.3.0 | 75.00 | OK | |||
r-release-macos-x86_64 | 1.3.0 | 144.00 | OK | |||
r-release-windows-x86_64 | 1.3.0 | 22.00 | 173.00 | 195.00 | OK | |
r-oldrel-macos-arm64 | 1.3.0 | 90.00 | OK | |||
r-oldrel-macos-x86_64 | 1.3.0 | 157.00 | OK | |||
r-oldrel-windows-x86_64 | 1.3.0 | 30.00 | 212.00 | 242.00 | OK |
Version: 1.3.0
Check: dependencies in R code
Result: NOTE
Namespace in Imports field not imported from: ‘svglite’
All declared Imports should be used.
Flavors: r-devel-linux-x86_64-fedora-clang, r-devel-linux-x86_64-fedora-gcc
These binaries (installable software) and packages are in development.
They may not be fully stable and should be used with caution. We make no claims about them.