Last updated on 2025-07-05 19:50:28 CEST.
Flavor | Version | Tinstall | Tcheck | Ttotal | Status | Flags |
---|---|---|---|---|---|---|
r-devel-linux-x86_64-debian-clang | 1.3.0 | 20.68 | 154.21 | 174.89 | OK | |
r-devel-linux-x86_64-debian-gcc | 1.3.0 | 9.67 | 97.06 | 106.73 | OK | |
r-devel-linux-x86_64-fedora-clang | 1.3.0 | 270.26 | NOTE | |||
r-devel-linux-x86_64-fedora-gcc | 1.3.0 | 268.12 | NOTE | |||
r-devel-windows-x86_64 | 1.3.0 | 22.00 | 175.00 | 197.00 | OK | |
r-patched-linux-x86_64 | 1.3.0 | 21.86 | 141.96 | 163.82 | OK | |
r-release-linux-x86_64 | 1.3.0 | 17.41 | 139.86 | 157.27 | OK | |
r-release-macos-arm64 | 1.3.0 | 76.00 | OK | |||
r-release-macos-x86_64 | 1.3.0 | 154.00 | OK | |||
r-release-windows-x86_64 | 1.3.0 | 28.00 | 173.00 | 201.00 | OK | |
r-oldrel-macos-arm64 | 1.3.0 | 75.00 | OK | |||
r-oldrel-macos-x86_64 | 1.3.0 | 144.00 | OK | |||
r-oldrel-windows-x86_64 | 1.3.0 | 33.00 | 220.00 | 253.00 | OK |
Version: 1.3.0
Check: dependencies in R code
Result: NOTE
Namespace in Imports field not imported from: ‘svglite’
All declared Imports should be used.
Flavors: r-devel-linux-x86_64-fedora-clang, r-devel-linux-x86_64-fedora-gcc
These binaries (installable software) and packages are in development.
They may not be fully stable and should be used with caution. We make no claims about them.