Last updated on 2025-11-12 12:53:03 CET.
| Flavor | Version | Tinstall | Tcheck | Ttotal | Status | Flags |
|---|---|---|---|---|---|---|
| r-devel-linux-x86_64-debian-clang | 1.3.0 | 19.28 | 161.47 | 180.75 | OK | |
| r-devel-linux-x86_64-debian-gcc | 1.3.0 | 12.11 | 101.80 | 113.91 | OK | |
| r-devel-linux-x86_64-fedora-clang | 1.3.0 | 44.00 | 231.09 | 275.09 | NOTE | |
| r-devel-linux-x86_64-fedora-gcc | 1.3.0 | 40.00 | 231.38 | 271.38 | NOTE | |
| r-devel-windows-x86_64 | 1.3.0 | 20.00 | 180.00 | 200.00 | OK | |
| r-patched-linux-x86_64 | 1.3.0 | 18.69 | 148.37 | 167.06 | OK | |
| r-release-linux-x86_64 | 1.3.0 | 20.23 | 149.81 | 170.04 | OK | |
| r-release-macos-arm64 | 1.3.0 | 8.00 | 68.00 | 76.00 | OK | |
| r-release-macos-x86_64 | 1.3.0 | 19.00 | 135.00 | 154.00 | OK | |
| r-release-windows-x86_64 | 1.3.0 | 23.00 | 177.00 | 200.00 | OK | |
| r-oldrel-macos-arm64 | 1.3.0 | 9.00 | 66.00 | 75.00 | OK | |
| r-oldrel-macos-x86_64 | 1.3.0 | 22.00 | 122.00 | 144.00 | OK | |
| r-oldrel-windows-x86_64 | 1.3.0 | 34.00 | 228.00 | 262.00 | OK |
Version: 1.3.0
Check: dependencies in R code
Result: NOTE
Namespace in Imports field not imported from: ‘svglite’
All declared Imports should be used.
Flavors: r-devel-linux-x86_64-fedora-clang, r-devel-linux-x86_64-fedora-gcc
These binaries (installable software) and packages are in development.
They may not be fully stable and should be used with caution. We make no claims about them.