Last updated on 2025-05-21 23:48:36 CEST.
Flavor | Version | Tinstall | Tcheck | Ttotal | Status | Flags |
---|---|---|---|---|---|---|
r-devel-linux-x86_64-debian-clang | 1.3.0 | 19.26 | 152.78 | 172.04 | OK | |
r-devel-linux-x86_64-debian-gcc | 1.3.0 | 12.00 | 97.38 | 109.38 | OK | |
r-devel-linux-x86_64-fedora-clang | 1.3.0 | 265.36 | NOTE | |||
r-devel-linux-x86_64-fedora-gcc | 1.3.0 | 286.40 | NOTE | |||
r-devel-windows-x86_64 | 1.3.0 | 21.00 | 200.00 | 221.00 | OK | |
r-patched-linux-x86_64 | 1.3.0 | 21.35 | 141.18 | 162.53 | OK | |
r-release-linux-x86_64 | 1.3.0 | 17.31 | 141.83 | 159.14 | OK | |
r-release-macos-arm64 | 1.3.0 | 76.00 | OK | |||
r-release-macos-x86_64 | 1.3.0 | 154.00 | OK | |||
r-release-windows-x86_64 | 1.3.0 | 22.00 | 180.00 | 202.00 | OK | |
r-oldrel-macos-arm64 | 1.3.0 | 75.00 | OK | |||
r-oldrel-macos-x86_64 | 1.3.0 | 144.00 | OK | |||
r-oldrel-windows-x86_64 | 1.3.0 | 31.00 | 219.00 | 250.00 | OK |
Version: 1.3.0
Check: dependencies in R code
Result: NOTE
Namespace in Imports field not imported from: ‘svglite’
All declared Imports should be used.
Flavors: r-devel-linux-x86_64-fedora-clang, r-devel-linux-x86_64-fedora-gcc
These binaries (installable software) and packages are in development.
They may not be fully stable and should be used with caution. We make no claims about them.