Last updated on 2025-10-23 11:50:06 CEST.
Flavor | Version | Tinstall | Tcheck | Ttotal | Status | Flags |
---|---|---|---|---|---|---|
r-devel-linux-x86_64-debian-clang | 1.3.0 | 19.14 | 161.01 | 180.15 | NOTE | |
r-devel-linux-x86_64-debian-gcc | 1.3.0 | 13.30 | 103.92 | 117.22 | OK | |
r-devel-linux-x86_64-fedora-clang | 1.3.0 | 45.00 | 225.76 | 270.76 | NOTE | |
r-devel-linux-x86_64-fedora-gcc | 1.3.0 | 40.00 | 233.48 | 273.48 | NOTE | |
r-devel-windows-x86_64 | 1.3.0 | 21.00 | 178.00 | 199.00 | OK | |
r-patched-linux-x86_64 | 1.3.0 | 21.89 | 150.93 | 172.82 | OK | |
r-release-linux-x86_64 | 1.3.0 | 18.87 | 151.26 | 170.13 | OK | |
r-release-macos-arm64 | 1.3.0 | 8.00 | 68.00 | 76.00 | OK | |
r-release-macos-x86_64 | 1.3.0 | 19.00 | 135.00 | 154.00 | OK | |
r-release-windows-x86_64 | 1.3.0 | 27.00 | 180.00 | 207.00 | OK | |
r-oldrel-macos-arm64 | 1.3.0 | 9.00 | 66.00 | 75.00 | OK | |
r-oldrel-macos-x86_64 | 1.3.0 | 22.00 | 122.00 | 144.00 | OK | |
r-oldrel-windows-x86_64 | 1.3.0 | 30.00 | 228.00 | 258.00 | OK |
Version: 1.3.0
Check: HTML version of manual
Result: NOTE
Found the following HTML validation problems:
check_args.html:113:1 (check_args.Rd:48): Warning: missing </ul> before </div>
cjs_args.html:96:1 (cjs_args.Rd:35): Warning: missing </ul> before </div>
move_args.html:80:1 (move_args.Rd:27): Warning: missing </ul> before </div>
userInput.html:58:1 (userInput.Rd:16): Warning: missing </ul> before </div>
user_interaction_args.html:80:1 (user_interaction_args.Rd:31): Warning: missing </ul> before </div>
widget_args.html:72:1 (widget_args.Rd:23): Warning: missing </ul> before </div>
Flavor: r-devel-linux-x86_64-debian-clang
Version: 1.3.0
Check: dependencies in R code
Result: NOTE
Namespace in Imports field not imported from: ‘svglite’
All declared Imports should be used.
Flavors: r-devel-linux-x86_64-fedora-clang, r-devel-linux-x86_64-fedora-gcc
These binaries (installable software) and packages are in development.
They may not be fully stable and should be used with caution. We make no claims about them.