CRAN Package Check Results for Package actilifecounts

Last updated on 2025-07-23 11:50:16 CEST.

Flavor Version Tinstall Tcheck Ttotal Status Flags
r-devel-linux-x86_64-debian-clang 1.1.1 2.82 36.59 39.41 NOTE
r-devel-linux-x86_64-debian-gcc 1.1.1 2.19 26.91 29.10 NOTE
r-devel-linux-x86_64-fedora-clang 1.1.1 62.53 OK
r-devel-linux-x86_64-fedora-gcc 1.1.1 56.48 OK
r-devel-windows-x86_64 1.1.1 6.00 50.00 56.00 OK
r-patched-linux-x86_64 1.1.1 2.66 33.42 36.08 OK
r-release-linux-x86_64 1.1.1 2.70 33.01 35.71 OK
r-release-macos-arm64 1.1.1 22.00 OK
r-release-macos-x86_64 1.1.1 41.00 OK
r-release-windows-x86_64 1.1.1 5.00 52.00 57.00 OK
r-oldrel-macos-arm64 1.1.1 21.00 OK
r-oldrel-macos-x86_64 1.1.1 45.00 OK
r-oldrel-windows-x86_64 1.1.1 7.00 63.00 70.00 OK

Check Details

Version: 1.1.1
Check: CRAN incoming feasibility
Result: NOTE Maintainer: ‘Jairo Hidalgo Migueles <jairo.hidalgo.migueles@gmail.com>’ No Authors@R field in DESCRIPTION. Please add one, modifying Authors@R: person(given = c("Jairo", "Hidalgo"), family = "Migueles", role = c("aut", "cre"), email = "jairo.hidalgo.migueles@gmail.com") as necessary. Flavors: r-devel-linux-x86_64-debian-clang, r-devel-linux-x86_64-debian-gcc

These binaries (installable software) and packages are in development.
They may not be fully stable and should be used with caution. We make no claims about them.