Last updated on 2025-05-08 04:51:58 CEST.
Flavor | Version | Tinstall | Tcheck | Ttotal | Status | Flags |
---|---|---|---|---|---|---|
r-devel-linux-x86_64-debian-clang | 2.1.2 | 23.81 | 334.78 | 358.59 | NOTE | |
r-devel-linux-x86_64-debian-gcc | 2.1.2 | 15.45 | 219.29 | 234.74 | NOTE | |
r-devel-linux-x86_64-fedora-clang | 2.1.2 | 625.92 | NOTE | |||
r-devel-linux-x86_64-fedora-gcc | 2.1.2 | 606.09 | NOTE | |||
r-devel-windows-x86_64 | 2.1.2 | 25.00 | 320.00 | 345.00 | NOTE | |
r-patched-linux-x86_64 | 2.1.2 | 25.62 | 314.81 | 340.43 | NOTE | |
r-release-linux-x86_64 | 2.1.2 | 20.83 | 314.39 | 335.22 | NOTE | |
r-release-macos-arm64 | 2.1.2 | 147.00 | NOTE | |||
r-release-macos-x86_64 | 2.1.2 | 347.00 | NOTE | |||
r-release-windows-x86_64 | 2.1.2 | 23.00 | 328.00 | 351.00 | NOTE | |
r-oldrel-macos-arm64 | 2.1.2 | 133.00 | OK | |||
r-oldrel-macos-x86_64 | 2.1.2 | 198.00 | OK | |||
r-oldrel-windows-x86_64 | 2.1.2 | 34.00 | 423.00 | 457.00 | OK |
Version: 2.1.2
Check: DESCRIPTION meta-information
Result: NOTE
Missing dependency on R >= 4.1.0 because package code uses the pipe
|> or function shorthand \(...) syntax added in R 4.1.0.
File(s) using such syntax:
‘compute_accumulation_metrics.R’
Flavors: r-devel-linux-x86_64-debian-clang, r-devel-linux-x86_64-debian-gcc, r-devel-linux-x86_64-fedora-clang, r-devel-linux-x86_64-fedora-gcc, r-devel-windows-x86_64, r-patched-linux-x86_64, r-release-linux-x86_64, r-release-macos-arm64, r-release-macos-x86_64, r-release-windows-x86_64
These binaries (installable software) and packages are in development.
They may not be fully stable and should be used with caution. We make no claims about them.