Last updated on 2025-05-08 04:51:58 CEST.
Flavor | Version | Tinstall | Tcheck | Ttotal | Status | Flags |
---|---|---|---|---|---|---|
r-devel-linux-x86_64-debian-clang | 0.1.3 | 9.92 | 95.31 | 105.23 | OK | |
r-devel-linux-x86_64-debian-gcc | 0.1.3 | 6.70 | 62.32 | 69.02 | OK | |
r-devel-linux-x86_64-fedora-clang | 0.1.3 | 150.76 | OK | |||
r-devel-linux-x86_64-fedora-gcc | 0.1.3 | 150.95 | OK | |||
r-devel-windows-x86_64 | 0.1.3 | 11.00 | 98.00 | 109.00 | OK | |
r-patched-linux-x86_64 | 0.1.3 | 9.42 | 85.98 | 95.40 | OK | |
r-release-linux-x86_64 | 0.1.3 | 10.46 | 86.21 | 96.67 | OK | |
r-release-macos-arm64 | 0.1.3 | 43.00 | OK | |||
r-release-macos-x86_64 | 0.1.3 | 80.00 | OK | |||
r-release-windows-x86_64 | 0.1.3 | 13.00 | 98.00 | 111.00 | OK | |
r-oldrel-macos-arm64 | 0.1.3 | 43.00 | NOTE | |||
r-oldrel-macos-x86_64 | 0.1.3 | 76.00 | NOTE | |||
r-oldrel-windows-x86_64 | 0.1.3 | 18.00 | 124.00 | 142.00 | NOTE |
Version: 0.1.3
Check: LazyData
Result: NOTE
'LazyData' is specified without a 'data' directory
Flavors: r-oldrel-macos-arm64, r-oldrel-macos-x86_64, r-oldrel-windows-x86_64
These binaries (installable software) and packages are in development.
They may not be fully stable and should be used with caution. We make no claims about them.